{"id":6417,"date":"2021-04-17T11:23:59","date_gmt":"2021-04-17T09:23:59","guid":{"rendered":"https:\/\/saisonsculturelleschaumont.fr\/mdxpuixt\/?page_id=6417"},"modified":"2021-05-20T10:00:35","modified_gmt":"2021-05-20T08:00:35","slug":"vos-projets","status":"publish","type":"page","link":"https:\/\/saisonsculturelleschaumont.fr\/mdxpuixt\/participez\/vos-projets\/","title":{"rendered":"vos projets"},"content":{"rendered":"\t\t<div data-elementor-type=\"wp-page\" data-elementor-id=\"6417\" class=\"elementor elementor-6417\">\n\t\t\t\t\t\t<div class=\"elementor-inner\">\n\t\t\t\t<div class=\"elementor-section-wrap\">\n\t\t\t\t\t\t\t\t\t<section class=\"elementor-section elementor-top-section elementor-element elementor-element-432201e6 elementor-section-boxed elementor-section-height-default elementor-section-height-default\" data-id=\"432201e6\" data-element_type=\"section\">\n\t\t\t\t\t\t<div class=\"elementor-container elementor-column-gap-default\">\n\t\t\t\t\t\t\t<div class=\"elementor-row\">\n\t\t\t\t\t<div class=\"elementor-column elementor-col-100 elementor-top-column elementor-element elementor-element-5cad3d4b\" data-id=\"5cad3d4b\" data-element_type=\"column\">\n\t\t\t<div class=\"elementor-column-wrap elementor-element-populated\">\n\t\t\t\t\t\t\t<div class=\"elementor-widget-wrap\">\n\t\t\t\t\t\t<div class=\"elementor-element elementor-element-60cd0975 elementor-widget elementor-widget-text-editor\" data-id=\"60cd0975\" data-element_type=\"widget\" data-widget_type=\"text-editor.default\">\n\t\t\t\t<div class=\"elementor-widget-container\">\n\t\t\t\t\t\t\t\t<div class=\"elementor-text-editor elementor-clearfix\">\n\t\t\t\t<h2>vos projets<\/h2><p>\u00a0<\/p><p>Vous \u00eates un graphiste ou un dessinateur\/illustrateur professionnel et avez un projet d\u2019intervention graphique dans l\u2019espace public\u00a0? Vous d\u00e9sirez participer \u00e0 la mission du graphisme dans la ville de chaumont\u00a0initi\u00e9e depuis 2019. Envoyez votre projet au comit\u00e9 artistique et technique de la ville. Constitu\u00e9 d\u2019\u00e9lus municipaux, de techniciens de la collectivit\u00e9 ainsi que de professionnels de l\u2019urbanisme et du graphisme, ce comit\u00e9 se r\u00e9unit r\u00e9guli\u00e8rement pour \u00e9tudier les dossiers qui lui sont envoy\u00e9s et ainsi accompagner et donner un avis sur les demandes citoyennes graphiques dans l\u2019espace public. Les missions du comit\u00e9 graphisme dans la Ville sont de veiller \u00e0 la coh\u00e9rence et \u00e0 la mise en valeur du patrimoine chaumontais.<\/p><p>Pour toutes demandes d&rsquo;informations : <a href=\"mailto:admin.culture@ville-chaumont.fr\">admin.culture@ville-chaumont.fr<\/a><\/p><p>Les projets doivent \u00eatre envoy\u00e9s \u00e0\u00a0: <a href=\"mailto:comitegraphisme@ville-chaumont.fr\">comitegraphisme@ville-chaumont.fr<\/a><\/p><p>\u00a0<\/p><p><!-- \/wp:paragraph --><\/p>\t\t\t\t\t<\/div>\n\t\t\t\t\t\t<\/div>\n\t\t\t\t<\/div>\n\t\t\t\t\t\t<\/div>\n\t\t\t\t\t<\/div>\n\t\t<\/div>\n\t\t\t\t\t\t\t\t<\/div>\n\t\t\t\t\t<\/div>\n\t\t<\/section>\n\t\t\t\t\t\t\t\t\t<\/div>\n\t\t\t<\/div>\n\t\t\t\t\t<\/div>\n\t\t","protected":false},"excerpt":{"rendered":"<p>vos projets \u00a0 Vous \u00eates un graphiste ou un dessinateur\/illustrateur professionnel et avez un projet d\u2019intervention graphique dans l\u2019espace public\u00a0? Vous d\u00e9sirez participer \u00e0 la mission du graphisme dans la [&hellip;]<\/p>\n","protected":false},"author":1,"featured_media":0,"parent":3241,"menu_order":0,"comment_status":"closed","ping_status":"closed","template":"","meta":{"_uag_custom_page_level_css":"","footnotes":""},"yoast_head":"<!-- This site is optimized with the Yoast SEO plugin v21.1 - https:\/\/yoast.com\/wordpress\/plugins\/seo\/ -->\n<title>vos projets - Les Saisons Culturelles de Chaumont<\/title>\n<meta name=\"robots\" content=\"noindex, follow, max-snippet:-1, max-image-preview:large, max-video-preview:-1\" \/>\n<meta property=\"og:locale\" content=\"fr_FR\" \/>\n<meta property=\"og:type\" content=\"article\" \/>\n<meta property=\"og:title\" content=\"vos projets - Les Saisons Culturelles de Chaumont\" \/>\n<meta property=\"og:description\" content=\"vos projets \u00a0 Vous \u00eates un graphiste ou un dessinateur\/illustrateur professionnel et avez un projet d\u2019intervention graphique dans l\u2019espace public\u00a0? Vous d\u00e9sirez participer \u00e0 la mission du graphisme dans la [&hellip;]\" \/>\n<meta property=\"og:url\" content=\"https:\/\/saisonsculturelleschaumont.fr\/mdxpuixt\/participez\/vos-projets\/\" \/>\n<meta property=\"og:site_name\" content=\"Les Saisons Culturelles de Chaumont\" \/>\n<meta property=\"article:publisher\" content=\"https:\/\/www.facebook.com\/saisonsculturelleschaumont\/\" \/>\n<meta property=\"article:modified_time\" content=\"2021-05-20T08:00:35+00:00\" \/>\n<meta property=\"og:image\" content=\"https:\/\/saisonsculturelleschaumont.fr\/mdxpuixt\/wp-content\/uploads\/2023\/09\/Bandeau-de-couverture_FB-_SCC8.png\" \/>\n\t<meta property=\"og:image:width\" content=\"3396\" \/>\n\t<meta property=\"og:image:height\" content=\"1313\" \/>\n\t<meta property=\"og:image:type\" content=\"image\/png\" \/>\n<meta name=\"twitter:card\" content=\"summary_large_image\" \/>\n<meta name=\"twitter:label1\" content=\"Dur\u00e9e de lecture estim\u00e9e\" \/>\n\t<meta name=\"twitter:data1\" content=\"1 minute\" \/>\n<script type=\"application\/ld+json\" class=\"yoast-schema-graph\">{\"@context\":\"https:\/\/schema.org\",\"@graph\":[{\"@type\":\"WebPage\",\"@id\":\"https:\/\/saisonsculturelleschaumont.fr\/mdxpuixt\/participez\/vos-projets\/\",\"url\":\"https:\/\/saisonsculturelleschaumont.fr\/mdxpuixt\/participez\/vos-projets\/\",\"name\":\"vos projets - Les Saisons Culturelles de Chaumont\",\"isPartOf\":{\"@id\":\"https:\/\/saisonsculturelleschaumont.fr\/mdxpuixt\/#website\"},\"datePublished\":\"2021-04-17T09:23:59+00:00\",\"dateModified\":\"2021-05-20T08:00:35+00:00\",\"breadcrumb\":{\"@id\":\"https:\/\/saisonsculturelleschaumont.fr\/mdxpuixt\/participez\/vos-projets\/#breadcrumb\"},\"inLanguage\":\"fr-FR\",\"potentialAction\":[{\"@type\":\"ReadAction\",\"target\":[\"https:\/\/saisonsculturelleschaumont.fr\/mdxpuixt\/participez\/vos-projets\/\"]}]},{\"@type\":\"BreadcrumbList\",\"@id\":\"https:\/\/saisonsculturelleschaumont.fr\/mdxpuixt\/participez\/vos-projets\/#breadcrumb\",\"itemListElement\":[{\"@type\":\"ListItem\",\"position\":1,\"name\":\"Accueil\",\"item\":\"https:\/\/saisonsculturelleschaumont.fr\/mdxpuixt\/\"},{\"@type\":\"ListItem\",\"position\":2,\"name\":\"participez\",\"item\":\"https:\/\/saisonsculturelleschaumont.fr\/mdxpuixt\/participez\/\"},{\"@type\":\"ListItem\",\"position\":3,\"name\":\"vos projets\"}]},{\"@type\":\"WebSite\",\"@id\":\"https:\/\/saisonsculturelleschaumont.fr\/mdxpuixt\/#website\",\"url\":\"https:\/\/saisonsculturelleschaumont.fr\/mdxpuixt\/\",\"name\":\"Les Saisons Culturelles de Chaumont\",\"description\":\"\",\"potentialAction\":[{\"@type\":\"SearchAction\",\"target\":{\"@type\":\"EntryPoint\",\"urlTemplate\":\"https:\/\/saisonsculturelleschaumont.fr\/mdxpuixt\/?s={search_term_string}\"},\"query-input\":\"required name=search_term_string\"}],\"inLanguage\":\"fr-FR\"}]}<\/script>\n<!-- \/ Yoast SEO plugin. -->","yoast_head_json":{"title":"vos projets - Les Saisons Culturelles de Chaumont","robots":{"index":"noindex","follow":"follow","max-snippet":"max-snippet:-1","max-image-preview":"max-image-preview:large","max-video-preview":"max-video-preview:-1"},"og_locale":"fr_FR","og_type":"article","og_title":"vos projets - Les Saisons Culturelles de Chaumont","og_description":"vos projets \u00a0 Vous \u00eates un graphiste ou un dessinateur\/illustrateur professionnel et avez un projet d\u2019intervention graphique dans l\u2019espace public\u00a0? Vous d\u00e9sirez participer \u00e0 la mission du graphisme dans la [&hellip;]","og_url":"https:\/\/saisonsculturelleschaumont.fr\/mdxpuixt\/participez\/vos-projets\/","og_site_name":"Les Saisons Culturelles de Chaumont","article_publisher":"https:\/\/www.facebook.com\/saisonsculturelleschaumont\/","article_modified_time":"2021-05-20T08:00:35+00:00","og_image":[{"width":3396,"height":1313,"url":"https:\/\/saisonsculturelleschaumont.fr\/mdxpuixt\/wp-content\/uploads\/2023\/09\/Bandeau-de-couverture_FB-_SCC8.png","type":"image\/png"}],"twitter_card":"summary_large_image","twitter_misc":{"Dur\u00e9e de lecture estim\u00e9e":"1 minute"},"schema":{"@context":"https:\/\/schema.org","@graph":[{"@type":"WebPage","@id":"https:\/\/saisonsculturelleschaumont.fr\/mdxpuixt\/participez\/vos-projets\/","url":"https:\/\/saisonsculturelleschaumont.fr\/mdxpuixt\/participez\/vos-projets\/","name":"vos projets - Les Saisons Culturelles de Chaumont","isPartOf":{"@id":"https:\/\/saisonsculturelleschaumont.fr\/mdxpuixt\/#website"},"datePublished":"2021-04-17T09:23:59+00:00","dateModified":"2021-05-20T08:00:35+00:00","breadcrumb":{"@id":"https:\/\/saisonsculturelleschaumont.fr\/mdxpuixt\/participez\/vos-projets\/#breadcrumb"},"inLanguage":"fr-FR","potentialAction":[{"@type":"ReadAction","target":["https:\/\/saisonsculturelleschaumont.fr\/mdxpuixt\/participez\/vos-projets\/"]}]},{"@type":"BreadcrumbList","@id":"https:\/\/saisonsculturelleschaumont.fr\/mdxpuixt\/participez\/vos-projets\/#breadcrumb","itemListElement":[{"@type":"ListItem","position":1,"name":"Accueil","item":"https:\/\/saisonsculturelleschaumont.fr\/mdxpuixt\/"},{"@type":"ListItem","position":2,"name":"participez","item":"https:\/\/saisonsculturelleschaumont.fr\/mdxpuixt\/participez\/"},{"@type":"ListItem","position":3,"name":"vos projets"}]},{"@type":"WebSite","@id":"https:\/\/saisonsculturelleschaumont.fr\/mdxpuixt\/#website","url":"https:\/\/saisonsculturelleschaumont.fr\/mdxpuixt\/","name":"Les Saisons Culturelles de Chaumont","description":"","potentialAction":[{"@type":"SearchAction","target":{"@type":"EntryPoint","urlTemplate":"https:\/\/saisonsculturelleschaumont.fr\/mdxpuixt\/?s={search_term_string}"},"query-input":"required name=search_term_string"}],"inLanguage":"fr-FR"}]}},"uagb_featured_image_src":{"full":false,"thumbnail":false,"medium":false,"medium_large":false,"large":false,"1536x1536":false,"2048x2048":false,"widget":false,"square":false,"featured":false,"featured_large":false,"extra_large":false,"portfolio":false,"portfolio_small":false,"gallery":false,"magazine":false,"masonry":false,"entry_with_sidebar":false,"entry_without_sidebar":false},"uagb_author_info":{"display_name":"danielkolski","author_link":"https:\/\/saisonsculturelleschaumont.fr\/mdxpuixt\/author\/danielkolski\/"},"uagb_comment_info":0,"uagb_excerpt":"vos projets \u00a0 Vous \u00eates un graphiste ou un dessinateur\/illustrateur professionnel et avez un projet d\u2019intervention graphique dans l\u2019espace public\u00a0? Vous d\u00e9sirez participer \u00e0 la mission du graphisme dans la [&hellip;]","_links":{"self":[{"href":"https:\/\/saisonsculturelleschaumont.fr\/mdxpuixt\/wp-json\/wp\/v2\/pages\/6417"}],"collection":[{"href":"https:\/\/saisonsculturelleschaumont.fr\/mdxpuixt\/wp-json\/wp\/v2\/pages"}],"about":[{"href":"https:\/\/saisonsculturelleschaumont.fr\/mdxpuixt\/wp-json\/wp\/v2\/types\/page"}],"author":[{"embeddable":true,"href":"https:\/\/saisonsculturelleschaumont.fr\/mdxpuixt\/wp-json\/wp\/v2\/users\/1"}],"replies":[{"embeddable":true,"href":"https:\/\/saisonsculturelleschaumont.fr\/mdxpuixt\/wp-json\/wp\/v2\/comments?post=6417"}],"version-history":[{"count":0,"href":"https:\/\/saisonsculturelleschaumont.fr\/mdxpuixt\/wp-json\/wp\/v2\/pages\/6417\/revisions"}],"up":[{"embeddable":true,"href":"https:\/\/saisonsculturelleschaumont.fr\/mdxpuixt\/wp-json\/wp\/v2\/pages\/3241"}],"wp:attachment":[{"href":"https:\/\/saisonsculturelleschaumont.fr\/mdxpuixt\/wp-json\/wp\/v2\/media?parent=6417"}],"curies":[{"name":"wp","href":"https:\/\/api.w.org\/{rel}","templated":true}]}}

<div data-elementor-type="wp-page" data-elementor-id="6417" class="elementor elementor-6417">
						<div class="elementor-inner">
				<div class="elementor-section-wrap">
									<section class="elementor-section elementor-top-section elementor-element elementor-element-432201e6 elementor-section-boxed elementor-section-height-default elementor-section-height-default" data-id="432201e6" data-element_type="section">
						<div class="elementor-container elementor-column-gap-default">
							<div class="elementor-row">
					<div class="elementor-column elementor-col-100 elementor-top-column elementor-element elementor-element-5cad3d4b" data-id="5cad3d4b" data-element_type="column">
			<div class="elementor-column-wrap elementor-element-populated">
							<div class="elementor-widget-wrap">
						<div class="elementor-element elementor-element-60cd0975 elementor-widget elementor-widget-text-editor" data-id="60cd0975" data-element_type="widget" data-widget_type="text-editor.default">
				<div class="elementor-widget-container">
								<div class="elementor-text-editor elementor-clearfix">
				<h2>vos projets</h2><p> </p><p>Vous êtes un graphiste ou un dessinateur/illustrateur professionnel et avez un projet d’intervention graphique dans l’espace public ? Vous désirez participer à la mission du graphisme dans la ville de chaumont initiée depuis 2019. Envoyez votre projet au comité artistique et technique de la ville. Constitué d’élus municipaux, de techniciens de la collectivité ainsi que de professionnels de l’urbanisme et du graphisme, ce comité se réunit régulièrement pour étudier les dossiers qui lui sont envoyés et ainsi accompagner et donner un avis sur les demandes citoyennes graphiques dans l’espace public. Les missions du comité graphisme dans la Ville sont de veiller à la cohérence et à la mise en valeur du patrimoine chaumontais.</p><p>Pour toutes demandes d&rsquo;informations : <a href="mailto:admin.culture@ville-chaumont.fr">admin.culture@ville-chaumont.fr</a></p><p>Les projets doivent être envoyés à : <a href="mailto:comitegraphisme@ville-chaumont.fr">comitegraphisme@ville-chaumont.fr</a></p><p> </p><p><!-- /wp:paragraph --></p>					</div>
						</div>
				</div>
						</div>
					</div>
		</div>
								</div>
					</div>
		</section>
									</div>
			</div>
					</div>

<p>vos projets   Vous êtes un graphiste ou un dessinateur/illustrateur professionnel et avez un projet d’intervention graphique dans l’espace public ? Vous désirez participer à la mission du graphisme dans la [&hellip;]</p>

<!-- This site is optimized with the Yoast SEO plugin v21.1 - https://yoast.com/wordpress/plugins/seo/ -->
<title>vos projets - Les Saisons Culturelles de Chaumont</title>
<meta name="robots" content="noindex, follow, max-snippet:-1, max-image-preview:large, max-video-preview:-1" />
<meta property="og:locale" content="fr_FR" />
<meta property="og:type" content="article" />
<meta property="og:title" content="vos projets - Les Saisons Culturelles de Chaumont" />
<meta property="og:description" content="vos projets   Vous êtes un graphiste ou un dessinateur/illustrateur professionnel et avez un projet d’intervention graphique dans l’espace public ? Vous désirez participer à la mission du graphisme dans la [&hellip;]" />
<meta property="og:url" content="https://saisonsculturelleschaumont.fr/mdxpuixt/participez/vos-projets/" />
<meta property="og:site_name" content="Les Saisons Culturelles de Chaumont" />
<meta property="article:publisher" content="https://www.facebook.com/saisonsculturelleschaumont/" />
<meta property="article:modified_time" content="2021-05-20T08:00:35+00:00" />
<meta property="og:image" content="https://saisonsculturelleschaumont.fr/mdxpuixt/wp-content/uploads/2023/09/Bandeau-de-couverture_FB-_SCC8.png" />
	<meta property="og:image:width" content="3396" />
	<meta property="og:image:height" content="1313" />
	<meta property="og:image:type" content="image/png" />
<meta name="twitter:card" content="summary_large_image" />
<meta name="twitter:label1" content="Durée de lecture estimée" />
	<meta name="twitter:data1" content="1 minute" />
<script type="application/ld+json" class="yoast-schema-graph">{"@context":"https://schema.org","@graph":[{"@type":"WebPage","@id":"https://saisonsculturelleschaumont.fr/mdxpuixt/participez/vos-projets/","url":"https://saisonsculturelleschaumont.fr/mdxpuixt/participez/vos-projets/","name":"vos projets - Les Saisons Culturelles de Chaumont","isPartOf":{"@id":"https://saisonsculturelleschaumont.fr/mdxpuixt/#website"},"datePublished":"2021-04-17T09:23:59+00:00","dateModified":"2021-05-20T08:00:35+00:00","breadcrumb":{"@id":"https://saisonsculturelleschaumont.fr/mdxpuixt/participez/vos-projets/#breadcrumb"},"inLanguage":"fr-FR","potentialAction":[{"@type":"ReadAction","target":["https://saisonsculturelleschaumont.fr/mdxpuixt/participez/vos-projets/"]}]},{"@type":"BreadcrumbList","@id":"https://saisonsculturelleschaumont.fr/mdxpuixt/participez/vos-projets/#breadcrumb","itemListElement":[{"@type":"ListItem","position":1,"name":"Accueil","item":"https://saisonsculturelleschaumont.fr/mdxpuixt/"},{"@type":"ListItem","position":2,"name":"participez","item":"https://saisonsculturelleschaumont.fr/mdxpuixt/participez/"},{"@type":"ListItem","position":3,"name":"vos projets"}]},{"@type":"WebSite","@id":"https://saisonsculturelleschaumont.fr/mdxpuixt/#website","url":"https://saisonsculturelleschaumont.fr/mdxpuixt/","name":"Les Saisons Culturelles de Chaumont","description":"","potentialAction":[{"@type":"SearchAction","target":{"@type":"EntryPoint","urlTemplate":"https://saisonsculturelleschaumont.fr/mdxpuixt/?s={search_term_string}"},"query-input":"required name=search_term_string"}],"inLanguage":"fr-FR"}]}</script>
<!-- / Yoast SEO plugin. -->

vos projets   Vous êtes un graphiste ou un dessinateur/illustrateur professionnel et avez un projet d’intervention graphique dans l’espace public ? Vous désirez participer à la mission du graphisme dans la [&hellip;]
