{"id":1281,"date":"2019-08-01T22:54:00","date_gmt":"2019-08-01T22:54:00","guid":{"rendered":"http:\/\/ipag.dk-tech.fr\/index.php\/event\/salon-du-livre-2\/"},"modified":"2020-02-11T20:58:01","modified_gmt":"2020-02-11T19:58:01","slug":"salon-du-livre","status":"publish","type":"tribe_events","link":"https:\/\/saisonsculturelleschaumont.fr\/mdxpuixt\/evenement\/salon-du-livre\/","title":{"rendered":"Salon du Livre de Chaumont"},"content":{"rendered":"<p>La 17\u00e8me \u00e9dition du Salon du livre de Chaumont se tiendra du 22 au 24 novembre 2019 aux silos, sous un chapiteau et au sein des autres \u00e9tablissements culturels de la ville. En invitant des auteurs de renom et d\u2019autres \u00e9mergents, des auteurs sp\u00e9cialis\u00e9s et d\u2019autres plus grand public, \u00a0des \u00e9crivains au coeur de l\u2019actualit\u00e9 litt\u00e9raire et des essayistes, le Salon du livre de Chaumont apporte une proposition culturelle ouverte au plus grand nombre en privil\u00e9giant une approche culturelle pluridisciplinaire. Cette f\u00eate du livre est une manifestation ouverte \u00e0 la vie des id\u00e9es, de d\u00e9bats et d\u2019\u00e9changes o\u00f9 romanciers, essayistes, auteurs et illustrateurs pour la jeunesse apportent leurs \u00e9clairages sur le th\u00e8me retenu en nous faisant partager leur exp\u00e9rience d\u2019\u00e9crivains ou d\u2019artistes. Chaque ann\u00e9e, un th\u00e8me nouveau est explor\u00e9 et l\u2019originalit\u00e9 de ce salon est de souligner les liens entre la litt\u00e9rature et d\u2019autres disciplines : le cin\u00e9ma, la musique, la ville et les disciplines des sciences humaines ces derni\u00e8res ann\u00e9es. Pour cette 17\u00e8me \u00e9dition, les liens entre la litt\u00e9rature et l\u2019environnement seront questionn\u00e9s; la th\u00e9matique est \u00ab\u00a0L&rsquo;appel de la nature\u00a0\u00bb.<\/p>\n<p>&nbsp;<\/p>\n<p>&nbsp;<\/p>\n<p>&nbsp;<\/p>\n","protected":false},"excerpt":{"rendered":"<p>La 17\u00e8me \u00e9dition du Salon du livre de Chaumont se tiendra du 22 au 24 novembre 2019 aux silos, sous un chapiteau et au sein des autres \u00e9tablissements culturels de [&hellip;]<\/p>\n","protected":false},"author":3,"featured_media":4329,"comment_status":"closed","ping_status":"closed","template":"","meta":{"_uag_custom_page_level_css":"","_tribe_events_status":"","_tribe_events_status_reason":""},"tags":[98,54,90,97],"tribe_events_cat":[45],"yoast_head":"<!-- This site is optimized with the Yoast SEO plugin v21.1 - https:\/\/yoast.com\/wordpress\/plugins\/seo\/ -->\n<title>Salon du Livre de Chaumont - Les Saisons Culturelles de Chaumont<\/title>\n<meta name=\"description\" content=\"D\u00e9couvrez la programmation culturelle de la saison culturelle de la ville de Chaumont. Expositions, visites, rencontres, ateliers, concerts, spectacles, animations et plus encore.\" \/>\n<meta name=\"robots\" content=\"noindex, follow, max-snippet:-1, max-image-preview:large, max-video-preview:-1\" \/>\n<meta property=\"og:locale\" content=\"fr_FR\" \/>\n<meta property=\"og:type\" content=\"article\" \/>\n<meta property=\"og:title\" content=\"Salon du Livre de Chaumont - Les Saisons Culturelles de Chaumont\" \/>\n<meta property=\"og:description\" content=\"D\u00e9couvrez la programmation culturelle de la saison culturelle de la ville de Chaumont. Expositions, visites, rencontres, ateliers, concerts, spectacles, animations et plus encore.\" \/>\n<meta property=\"og:url\" content=\"https:\/\/saisonsculturelleschaumont.fr\/mdxpuixt\/evenement\/salon-du-livre\/\" \/>\n<meta property=\"og:site_name\" content=\"Les Saisons Culturelles de Chaumont\" \/>\n<meta property=\"article:publisher\" content=\"https:\/\/www.facebook.com\/saisonsculturelleschaumont\/\" \/>\n<meta property=\"article:modified_time\" content=\"2020-02-11T19:58:01+00:00\" \/>\n<meta property=\"og:image\" content=\"https:\/\/saisonsculturelleschaumont.fr\/mdxpuixt\/wp-content\/uploads\/2019\/09\/SALON-visuel-1030x1030.jpg\" \/>\n\t<meta property=\"og:image:width\" content=\"1030\" \/>\n\t<meta property=\"og:image:height\" content=\"1030\" \/>\n\t<meta property=\"og:image:type\" content=\"image\/jpeg\" \/>\n<meta name=\"twitter:card\" content=\"summary_large_image\" \/>\n<meta name=\"twitter:label1\" content=\"Dur\u00e9e de lecture estim\u00e9e\" \/>\n\t<meta name=\"twitter:data1\" content=\"1 minute\" \/>\n<script type=\"application\/ld+json\" class=\"yoast-schema-graph\">{\"@context\":\"https:\/\/schema.org\",\"@graph\":[{\"@type\":\"WebPage\",\"@id\":\"https:\/\/saisonsculturelleschaumont.fr\/mdxpuixt\/evenement\/salon-du-livre\/\",\"url\":\"https:\/\/saisonsculturelleschaumont.fr\/mdxpuixt\/evenement\/salon-du-livre\/\",\"name\":\"Salon du Livre de Chaumont - Les Saisons Culturelles de Chaumont\",\"isPartOf\":{\"@id\":\"https:\/\/saisonsculturelleschaumont.fr\/mdxpuixt\/#website\"},\"datePublished\":\"2019-08-01T22:54:00+00:00\",\"dateModified\":\"2020-02-11T19:58:01+00:00\",\"description\":\"D\u00e9couvrez la programmation culturelle de la saison culturelle de la ville de Chaumont. Expositions, visites, rencontres, ateliers, concerts, spectacles, animations et plus encore.\",\"breadcrumb\":{\"@id\":\"https:\/\/saisonsculturelleschaumont.fr\/mdxpuixt\/evenement\/salon-du-livre\/#breadcrumb\"},\"inLanguage\":\"fr-FR\",\"potentialAction\":[{\"@type\":\"ReadAction\",\"target\":[\"https:\/\/saisonsculturelleschaumont.fr\/mdxpuixt\/evenement\/salon-du-livre\/\"]}]},{\"@type\":\"BreadcrumbList\",\"@id\":\"https:\/\/saisonsculturelleschaumont.fr\/mdxpuixt\/evenement\/salon-du-livre\/#breadcrumb\",\"itemListElement\":[{\"@type\":\"ListItem\",\"position\":1,\"name\":\"Accueil\",\"item\":\"https:\/\/saisonsculturelleschaumont.fr\/mdxpuixt\/\"},{\"@type\":\"ListItem\",\"position\":2,\"name\":\"\u00c9v\u00e8nements\",\"item\":\"https:\/\/saisonsculturelleschaumont.fr\/mdxpuixt\/agenda\/\"},{\"@type\":\"ListItem\",\"position\":3,\"name\":\"Salon du Livre de Chaumont\"}]},{\"@type\":\"WebSite\",\"@id\":\"https:\/\/saisonsculturelleschaumont.fr\/mdxpuixt\/#website\",\"url\":\"https:\/\/saisonsculturelleschaumont.fr\/mdxpuixt\/\",\"name\":\"Les Saisons Culturelles de Chaumont\",\"description\":\"\",\"potentialAction\":[{\"@type\":\"SearchAction\",\"target\":{\"@type\":\"EntryPoint\",\"urlTemplate\":\"https:\/\/saisonsculturelleschaumont.fr\/mdxpuixt\/?s={search_term_string}\"},\"query-input\":\"required name=search_term_string\"}],\"inLanguage\":\"fr-FR\"}]}<\/script>\n<!-- \/ Yoast SEO plugin. -->","yoast_head_json":{"title":"Salon du Livre de Chaumont - Les Saisons Culturelles de Chaumont","description":"D\u00e9couvrez la programmation culturelle de la saison culturelle de la ville de Chaumont. Expositions, visites, rencontres, ateliers, concerts, spectacles, animations et plus encore.","robots":{"index":"noindex","follow":"follow","max-snippet":"max-snippet:-1","max-image-preview":"max-image-preview:large","max-video-preview":"max-video-preview:-1"},"og_locale":"fr_FR","og_type":"article","og_title":"Salon du Livre de Chaumont - Les Saisons Culturelles de Chaumont","og_description":"D\u00e9couvrez la programmation culturelle de la saison culturelle de la ville de Chaumont. Expositions, visites, rencontres, ateliers, concerts, spectacles, animations et plus encore.","og_url":"https:\/\/saisonsculturelleschaumont.fr\/mdxpuixt\/evenement\/salon-du-livre\/","og_site_name":"Les Saisons Culturelles de Chaumont","article_publisher":"https:\/\/www.facebook.com\/saisonsculturelleschaumont\/","article_modified_time":"2020-02-11T19:58:01+00:00","og_image":[{"width":1030,"height":1030,"url":"https:\/\/saisonsculturelleschaumont.fr\/mdxpuixt\/wp-content\/uploads\/2019\/09\/SALON-visuel-1030x1030.jpg","type":"image\/jpeg"}],"twitter_card":"summary_large_image","twitter_misc":{"Dur\u00e9e de lecture estim\u00e9e":"1 minute"},"schema":{"@context":"https:\/\/schema.org","@graph":[{"@type":"WebPage","@id":"https:\/\/saisonsculturelleschaumont.fr\/mdxpuixt\/evenement\/salon-du-livre\/","url":"https:\/\/saisonsculturelleschaumont.fr\/mdxpuixt\/evenement\/salon-du-livre\/","name":"Salon du Livre de Chaumont - Les Saisons Culturelles de Chaumont","isPartOf":{"@id":"https:\/\/saisonsculturelleschaumont.fr\/mdxpuixt\/#website"},"datePublished":"2019-08-01T22:54:00+00:00","dateModified":"2020-02-11T19:58:01+00:00","description":"D\u00e9couvrez la programmation culturelle de la saison culturelle de la ville de Chaumont. Expositions, visites, rencontres, ateliers, concerts, spectacles, animations et plus encore.","breadcrumb":{"@id":"https:\/\/saisonsculturelleschaumont.fr\/mdxpuixt\/evenement\/salon-du-livre\/#breadcrumb"},"inLanguage":"fr-FR","potentialAction":[{"@type":"ReadAction","target":["https:\/\/saisonsculturelleschaumont.fr\/mdxpuixt\/evenement\/salon-du-livre\/"]}]},{"@type":"BreadcrumbList","@id":"https:\/\/saisonsculturelleschaumont.fr\/mdxpuixt\/evenement\/salon-du-livre\/#breadcrumb","itemListElement":[{"@type":"ListItem","position":1,"name":"Accueil","item":"https:\/\/saisonsculturelleschaumont.fr\/mdxpuixt\/"},{"@type":"ListItem","position":2,"name":"\u00c9v\u00e8nements","item":"https:\/\/saisonsculturelleschaumont.fr\/mdxpuixt\/agenda\/"},{"@type":"ListItem","position":3,"name":"Salon du Livre de Chaumont"}]},{"@type":"WebSite","@id":"https:\/\/saisonsculturelleschaumont.fr\/mdxpuixt\/#website","url":"https:\/\/saisonsculturelleschaumont.fr\/mdxpuixt\/","name":"Les Saisons Culturelles de Chaumont","description":"","potentialAction":[{"@type":"SearchAction","target":{"@type":"EntryPoint","urlTemplate":"https:\/\/saisonsculturelleschaumont.fr\/mdxpuixt\/?s={search_term_string}"},"query-input":"required name=search_term_string"}],"inLanguage":"fr-FR"}]}},"uagb_featured_image_src":{"full":["https:\/\/saisonsculturelleschaumont.fr\/mdxpuixt\/wp-content\/uploads\/2019\/09\/SALON-visuel.jpg",2480,3508,false],"thumbnail":["https:\/\/saisonsculturelleschaumont.fr\/mdxpuixt\/wp-content\/uploads\/2019\/09\/SALON-visuel-80x80.jpg",80,80,true],"medium":["https:\/\/saisonsculturelleschaumont.fr\/mdxpuixt\/wp-content\/uploads\/2019\/09\/SALON-visuel-300x300.jpg",300,300,true],"medium_large":["https:\/\/saisonsculturelleschaumont.fr\/mdxpuixt\/wp-content\/uploads\/2019\/09\/SALON-visuel-768x768.jpg",768,768,true],"large":["https:\/\/saisonsculturelleschaumont.fr\/mdxpuixt\/wp-content\/uploads\/2019\/09\/SALON-visuel-1030x1030.jpg",1030,1030,true],"1536x1536":["https:\/\/saisonsculturelleschaumont.fr\/mdxpuixt\/wp-content\/uploads\/2019\/09\/SALON-visuel.jpg",1086,1536,false],"2048x2048":["https:\/\/saisonsculturelleschaumont.fr\/mdxpuixt\/wp-content\/uploads\/2019\/09\/SALON-visuel.jpg",1448,2048,false],"widget":["https:\/\/saisonsculturelleschaumont.fr\/mdxpuixt\/wp-content\/uploads\/2019\/09\/SALON-visuel-36x36.jpg",36,36,true],"square":["https:\/\/saisonsculturelleschaumont.fr\/mdxpuixt\/wp-content\/uploads\/2019\/09\/SALON-visuel-180x180.jpg",180,180,true],"featured":["https:\/\/saisonsculturelleschaumont.fr\/mdxpuixt\/wp-content\/uploads\/2019\/09\/SALON-visuel-1500x430.jpg",1500,430,true],"featured_large":["https:\/\/saisonsculturelleschaumont.fr\/mdxpuixt\/wp-content\/uploads\/2019\/09\/SALON-visuel-1500x630.jpg",1500,630,true],"extra_large":["https:\/\/saisonsculturelleschaumont.fr\/mdxpuixt\/wp-content\/uploads\/2019\/09\/SALON-visuel-1060x1500.jpg",1060,1500,true],"portfolio":["https:\/\/saisonsculturelleschaumont.fr\/mdxpuixt\/wp-content\/uploads\/2019\/09\/SALON-visuel-495x400.jpg",495,400,true],"portfolio_small":["https:\/\/saisonsculturelleschaumont.fr\/mdxpuixt\/wp-content\/uploads\/2019\/09\/SALON-visuel-260x185.jpg",260,185,true],"gallery":["https:\/\/saisonsculturelleschaumont.fr\/mdxpuixt\/wp-content\/uploads\/2019\/09\/SALON-visuel-845x684.jpg",845,684,true],"magazine":["https:\/\/saisonsculturelleschaumont.fr\/mdxpuixt\/wp-content\/uploads\/2019\/09\/SALON-visuel-710x375.jpg",710,375,true],"masonry":["https:\/\/saisonsculturelleschaumont.fr\/mdxpuixt\/wp-content\/uploads\/2019\/09\/SALON-visuel-498x705.jpg",498,705,true],"entry_with_sidebar":["https:\/\/saisonsculturelleschaumont.fr\/mdxpuixt\/wp-content\/uploads\/2019\/09\/SALON-visuel-845x321.jpg",845,321,true],"entry_without_sidebar":["https:\/\/saisonsculturelleschaumont.fr\/mdxpuixt\/wp-content\/uploads\/2019\/09\/SALON-visuel-1210x423.jpg",1210,423,true]},"uagb_author_info":{"display_name":"Justine Ansel","author_link":"https:\/\/saisonsculturelleschaumont.fr\/mdxpuixt\/author\/justine-ansel\/"},"uagb_comment_info":0,"uagb_excerpt":"La 17\u00e8me \u00e9dition du Salon du livre de Chaumont se tiendra du 22 au 24 novembre 2019 aux silos, sous un chapiteau et au sein des autres \u00e9tablissements culturels de [&hellip;]","_links":{"self":[{"href":"https:\/\/saisonsculturelleschaumont.fr\/mdxpuixt\/wp-json\/wp\/v2\/tribe_events\/1281"}],"collection":[{"href":"https:\/\/saisonsculturelleschaumont.fr\/mdxpuixt\/wp-json\/wp\/v2\/tribe_events"}],"about":[{"href":"https:\/\/saisonsculturelleschaumont.fr\/mdxpuixt\/wp-json\/wp\/v2\/types\/tribe_events"}],"author":[{"embeddable":true,"href":"https:\/\/saisonsculturelleschaumont.fr\/mdxpuixt\/wp-json\/wp\/v2\/users\/3"}],"replies":[{"embeddable":true,"href":"https:\/\/saisonsculturelleschaumont.fr\/mdxpuixt\/wp-json\/wp\/v2\/comments?post=1281"}],"version-history":[{"count":0,"href":"https:\/\/saisonsculturelleschaumont.fr\/mdxpuixt\/wp-json\/wp\/v2\/tribe_events\/1281\/revisions"}],"wp:featuredmedia":[{"embeddable":true,"href":"https:\/\/saisonsculturelleschaumont.fr\/mdxpuixt\/wp-json\/wp\/v2\/media\/4329"}],"wp:attachment":[{"href":"https:\/\/saisonsculturelleschaumont.fr\/mdxpuixt\/wp-json\/wp\/v2\/media?parent=1281"}],"wp:term":[{"taxonomy":"post_tag","embeddable":true,"href":"https:\/\/saisonsculturelleschaumont.fr\/mdxpuixt\/wp-json\/wp\/v2\/tags?post=1281"},{"taxonomy":"tribe_events_cat","embeddable":true,"href":"https:\/\/saisonsculturelleschaumont.fr\/mdxpuixt\/wp-json\/wp\/v2\/tribe_events_cat?post=1281"}],"curies":[{"name":"wp","href":"https:\/\/api.w.org\/{rel}","templated":true}]}}

<p>La 17ème édition du Salon du livre de Chaumont se tiendra du 22 au 24 novembre 2019 aux silos, sous un chapiteau et au sein des autres établissements culturels de la ville. En invitant des auteurs de renom et d’autres émergents, des auteurs spécialisés et d’autres plus grand public,  des écrivains au coeur de l’actualité littéraire et des essayistes, le Salon du livre de Chaumont apporte une proposition culturelle ouverte au plus grand nombre en privilégiant une approche culturelle pluridisciplinaire. Cette fête du livre est une manifestation ouverte à la vie des idées, de débats et d’échanges où romanciers, essayistes, auteurs et illustrateurs pour la jeunesse apportent leurs éclairages sur le thème retenu en nous faisant partager leur expérience d’écrivains ou d’artistes. Chaque année, un thème nouveau est exploré et l’originalité de ce salon est de souligner les liens entre la littérature et d’autres disciplines : le cinéma, la musique, la ville et les disciplines des sciences humaines ces dernières années. Pour cette 17ème édition, les liens entre la littérature et l’environnement seront questionnés; la thématique est « L&rsquo;appel de la nature ».</p>
<p>&nbsp;</p>
<p>&nbsp;</p>
<p>&nbsp;</p>

<p>La 17ème édition du Salon du livre de Chaumont se tiendra du 22 au 24 novembre 2019 aux silos, sous un chapiteau et au sein des autres établissements culturels de [&hellip;]</p>

<!-- This site is optimized with the Yoast SEO plugin v21.1 - https://yoast.com/wordpress/plugins/seo/ -->
<title>Salon du Livre de Chaumont - Les Saisons Culturelles de Chaumont</title>
<meta name="description" content="Découvrez la programmation culturelle de la saison culturelle de la ville de Chaumont. Expositions, visites, rencontres, ateliers, concerts, spectacles, animations et plus encore." />
<meta name="robots" content="noindex, follow, max-snippet:-1, max-image-preview:large, max-video-preview:-1" />
<meta property="og:locale" content="fr_FR" />
<meta property="og:type" content="article" />
<meta property="og:title" content="Salon du Livre de Chaumont - Les Saisons Culturelles de Chaumont" />
<meta property="og:description" content="Découvrez la programmation culturelle de la saison culturelle de la ville de Chaumont. Expositions, visites, rencontres, ateliers, concerts, spectacles, animations et plus encore." />
<meta property="og:url" content="https://saisonsculturelleschaumont.fr/mdxpuixt/evenement/salon-du-livre/" />
<meta property="og:site_name" content="Les Saisons Culturelles de Chaumont" />
<meta property="article:publisher" content="https://www.facebook.com/saisonsculturelleschaumont/" />
<meta property="article:modified_time" content="2020-02-11T19:58:01+00:00" />
<meta property="og:image" content="https://saisonsculturelleschaumont.fr/mdxpuixt/wp-content/uploads/2019/09/SALON-visuel-1030x1030.jpg" />
	<meta property="og:image:width" content="1030" />
	<meta property="og:image:height" content="1030" />
	<meta property="og:image:type" content="image/jpeg" />
<meta name="twitter:card" content="summary_large_image" />
<meta name="twitter:label1" content="Durée de lecture estimée" />
	<meta name="twitter:data1" content="1 minute" />
<script type="application/ld+json" class="yoast-schema-graph">{"@context":"https://schema.org","@graph":[{"@type":"WebPage","@id":"https://saisonsculturelleschaumont.fr/mdxpuixt/evenement/salon-du-livre/","url":"https://saisonsculturelleschaumont.fr/mdxpuixt/evenement/salon-du-livre/","name":"Salon du Livre de Chaumont - Les Saisons Culturelles de Chaumont","isPartOf":{"@id":"https://saisonsculturelleschaumont.fr/mdxpuixt/#website"},"datePublished":"2019-08-01T22:54:00+00:00","dateModified":"2020-02-11T19:58:01+00:00","description":"Découvrez la programmation culturelle de la saison culturelle de la ville de Chaumont. Expositions, visites, rencontres, ateliers, concerts, spectacles, animations et plus encore.","breadcrumb":{"@id":"https://saisonsculturelleschaumont.fr/mdxpuixt/evenement/salon-du-livre/#breadcrumb"},"inLanguage":"fr-FR","potentialAction":[{"@type":"ReadAction","target":["https://saisonsculturelleschaumont.fr/mdxpuixt/evenement/salon-du-livre/"]}]},{"@type":"BreadcrumbList","@id":"https://saisonsculturelleschaumont.fr/mdxpuixt/evenement/salon-du-livre/#breadcrumb","itemListElement":[{"@type":"ListItem","position":1,"name":"Accueil","item":"https://saisonsculturelleschaumont.fr/mdxpuixt/"},{"@type":"ListItem","position":2,"name":"Évènements","item":"https://saisonsculturelleschaumont.fr/mdxpuixt/agenda/"},{"@type":"ListItem","position":3,"name":"Salon du Livre de Chaumont"}]},{"@type":"WebSite","@id":"https://saisonsculturelleschaumont.fr/mdxpuixt/#website","url":"https://saisonsculturelleschaumont.fr/mdxpuixt/","name":"Les Saisons Culturelles de Chaumont","description":"","potentialAction":[{"@type":"SearchAction","target":{"@type":"EntryPoint","urlTemplate":"https://saisonsculturelleschaumont.fr/mdxpuixt/?s={search_term_string}"},"query-input":"required name=search_term_string"}],"inLanguage":"fr-FR"}]}</script>
<!-- / Yoast SEO plugin. -->

Découvrez la programmation culturelle de la saison culturelle de la ville de Chaumont. Expositions, visites, rencontres, ateliers, concerts, spectacles, animations et plus encore.

Évènements

La 17ème édition du Salon du livre de Chaumont se tiendra du 22 au 24 novembre 2019 aux silos, sous un chapiteau et au sein des autres établissements culturels de [&hellip;]
