{"id":5517,"date":"2020-08-01T00:00:00","date_gmt":"2020-07-31T22:00:00","guid":{"rendered":"https:\/\/saisonsculturelleschaumont.fr\/mdxpuixt\/?post_type=tribe_events&#038;p=5517"},"modified":"2023-09-15T15:03:30","modified_gmt":"2023-09-15T13:03:30","slug":"bad-fat","status":"publish","type":"tribe_events","link":"https:\/\/saisonsculturelleschaumont.fr\/mdxpuixt\/evenement\/bad-fat\/","title":{"rendered":"Bad Fat"},"content":{"rendered":"<p>M\u00e9langer le rap au jazz et \u00e0 la musique \u00e9lectro, c\u2019est le pari lanc\u00e9 par Bad Fat et le r\u00e9sultat est surprenant ! D\u2019ailleurs, chez Bad Fat, le m\u00e9lange n\u2019est pas que musical puisque c\u2019est deux rappeurs et beatboxers am\u00e9ricains, Mattic et Napoleon Maddox, qui ont rejoint le groupe depuis peu. L\u2019univers de ce nouvel ensemble rappelle celui des jazz-men de la Nouvelle Orl\u00e9ans, avec la dimension contemporaine du hip-hop chaloup\u00e9. En mixant les styles, Bad Fat attire un public vari\u00e9 et a su s\u2019imposer sur la sc\u00e8ne fran\u00e7aise. <br \/> Entr\u00e9e libre<\/p>\n","protected":false},"excerpt":{"rendered":"<p>M\u00e9langer le rap au jazz et \u00e0 la musique \u00e9lectro, c\u2019est le pari lanc\u00e9 par Bad Fat et le r\u00e9sultat est surprenant ! D\u2019ailleurs, chez Bad Fat, le m\u00e9lange n\u2019est [&hellip;]<\/p>\n","protected":false},"author":3,"featured_media":5533,"comment_status":"closed","ping_status":"closed","template":"","meta":{"_uag_custom_page_level_css":"","_tribe_events_status":"","_tribe_events_status_reason":""},"tags":[181,51,179,178,99],"tribe_events_cat":[305],"yoast_head":"<!-- This site is optimized with the Yoast SEO plugin v21.1 - https:\/\/yoast.com\/wordpress\/plugins\/seo\/ -->\n<title>Bad Fat - Les Saisons Culturelles de Chaumont<\/title>\n<meta name=\"description\" content=\"D\u00e9couvrez la programmation culturelle de la saison culturelle de la ville de Chaumont. Expositions, visites, rencontres, ateliers, concerts, spectacles, animations et plus encore.\" \/>\n<meta name=\"robots\" content=\"noindex, follow, max-snippet:-1, max-image-preview:large, max-video-preview:-1\" \/>\n<meta property=\"og:locale\" content=\"fr_FR\" \/>\n<meta property=\"og:type\" content=\"article\" \/>\n<meta property=\"og:title\" content=\"Bad Fat - Les Saisons Culturelles de Chaumont\" \/>\n<meta property=\"og:description\" content=\"D\u00e9couvrez la programmation culturelle de la saison culturelle de la ville de Chaumont. Expositions, visites, rencontres, ateliers, concerts, spectacles, animations et plus encore.\" \/>\n<meta property=\"og:url\" content=\"https:\/\/saisonsculturelleschaumont.fr\/mdxpuixt\/evenement\/bad-fat\/\" \/>\n<meta property=\"og:site_name\" content=\"Les Saisons Culturelles de Chaumont\" \/>\n<meta property=\"article:publisher\" content=\"https:\/\/www.facebook.com\/saisonsculturelleschaumont\/\" \/>\n<meta property=\"article:modified_time\" content=\"2023-09-15T13:03:30+00:00\" \/>\n<meta property=\"og:image\" content=\"https:\/\/saisonsculturelleschaumont.fr\/mdxpuixt\/wp-content\/uploads\/2020\/07\/Bad-Fat-\u00a9droits-r\u00e9serv\u00e9s.jpg\" \/>\n\t<meta property=\"og:image:width\" content=\"1503\" \/>\n\t<meta property=\"og:image:height\" content=\"1000\" \/>\n\t<meta property=\"og:image:type\" content=\"image\/jpeg\" \/>\n<meta name=\"twitter:card\" content=\"summary_large_image\" \/>\n<meta name=\"twitter:label1\" content=\"Dur\u00e9e de lecture estim\u00e9e\" \/>\n\t<meta name=\"twitter:data1\" content=\"1 minute\" \/>\n<script type=\"application\/ld+json\" class=\"yoast-schema-graph\">{\"@context\":\"https:\/\/schema.org\",\"@graph\":[{\"@type\":\"WebPage\",\"@id\":\"https:\/\/saisonsculturelleschaumont.fr\/mdxpuixt\/evenement\/bad-fat\/\",\"url\":\"https:\/\/saisonsculturelleschaumont.fr\/mdxpuixt\/evenement\/bad-fat\/\",\"name\":\"Bad Fat - Les Saisons Culturelles de Chaumont\",\"isPartOf\":{\"@id\":\"https:\/\/saisonsculturelleschaumont.fr\/mdxpuixt\/#website\"},\"datePublished\":\"2020-07-31T22:00:00+00:00\",\"dateModified\":\"2023-09-15T13:03:30+00:00\",\"description\":\"D\u00e9couvrez la programmation culturelle de la saison culturelle de la ville de Chaumont. Expositions, visites, rencontres, ateliers, concerts, spectacles, animations et plus encore.\",\"breadcrumb\":{\"@id\":\"https:\/\/saisonsculturelleschaumont.fr\/mdxpuixt\/evenement\/bad-fat\/#breadcrumb\"},\"inLanguage\":\"fr-FR\",\"potentialAction\":[{\"@type\":\"ReadAction\",\"target\":[\"https:\/\/saisonsculturelleschaumont.fr\/mdxpuixt\/evenement\/bad-fat\/\"]}]},{\"@type\":\"BreadcrumbList\",\"@id\":\"https:\/\/saisonsculturelleschaumont.fr\/mdxpuixt\/evenement\/bad-fat\/#breadcrumb\",\"itemListElement\":[{\"@type\":\"ListItem\",\"position\":1,\"name\":\"Accueil\",\"item\":\"https:\/\/saisonsculturelleschaumont.fr\/mdxpuixt\/\"},{\"@type\":\"ListItem\",\"position\":2,\"name\":\"\u00c9v\u00e8nements\",\"item\":\"https:\/\/saisonsculturelleschaumont.fr\/mdxpuixt\/agenda\/\"},{\"@type\":\"ListItem\",\"position\":3,\"name\":\"Bad Fat\"}]},{\"@type\":\"WebSite\",\"@id\":\"https:\/\/saisonsculturelleschaumont.fr\/mdxpuixt\/#website\",\"url\":\"https:\/\/saisonsculturelleschaumont.fr\/mdxpuixt\/\",\"name\":\"Les Saisons Culturelles de Chaumont\",\"description\":\"\",\"potentialAction\":[{\"@type\":\"SearchAction\",\"target\":{\"@type\":\"EntryPoint\",\"urlTemplate\":\"https:\/\/saisonsculturelleschaumont.fr\/mdxpuixt\/?s={search_term_string}\"},\"query-input\":\"required name=search_term_string\"}],\"inLanguage\":\"fr-FR\"}]}<\/script>\n<!-- \/ Yoast SEO plugin. -->","yoast_head_json":{"title":"Bad Fat - Les Saisons Culturelles de Chaumont","description":"D\u00e9couvrez la programmation culturelle de la saison culturelle de la ville de Chaumont. Expositions, visites, rencontres, ateliers, concerts, spectacles, animations et plus encore.","robots":{"index":"noindex","follow":"follow","max-snippet":"max-snippet:-1","max-image-preview":"max-image-preview:large","max-video-preview":"max-video-preview:-1"},"og_locale":"fr_FR","og_type":"article","og_title":"Bad Fat - Les Saisons Culturelles de Chaumont","og_description":"D\u00e9couvrez la programmation culturelle de la saison culturelle de la ville de Chaumont. Expositions, visites, rencontres, ateliers, concerts, spectacles, animations et plus encore.","og_url":"https:\/\/saisonsculturelleschaumont.fr\/mdxpuixt\/evenement\/bad-fat\/","og_site_name":"Les Saisons Culturelles de Chaumont","article_publisher":"https:\/\/www.facebook.com\/saisonsculturelleschaumont\/","article_modified_time":"2023-09-15T13:03:30+00:00","og_image":[{"width":1503,"height":1000,"url":"https:\/\/saisonsculturelleschaumont.fr\/mdxpuixt\/wp-content\/uploads\/2020\/07\/Bad-Fat-\u00a9droits-r\u00e9serv\u00e9s.jpg","type":"image\/jpeg"}],"twitter_card":"summary_large_image","twitter_misc":{"Dur\u00e9e de lecture estim\u00e9e":"1 minute"},"schema":{"@context":"https:\/\/schema.org","@graph":[{"@type":"WebPage","@id":"https:\/\/saisonsculturelleschaumont.fr\/mdxpuixt\/evenement\/bad-fat\/","url":"https:\/\/saisonsculturelleschaumont.fr\/mdxpuixt\/evenement\/bad-fat\/","name":"Bad Fat - Les Saisons Culturelles de Chaumont","isPartOf":{"@id":"https:\/\/saisonsculturelleschaumont.fr\/mdxpuixt\/#website"},"datePublished":"2020-07-31T22:00:00+00:00","dateModified":"2023-09-15T13:03:30+00:00","description":"D\u00e9couvrez la programmation culturelle de la saison culturelle de la ville de Chaumont. Expositions, visites, rencontres, ateliers, concerts, spectacles, animations et plus encore.","breadcrumb":{"@id":"https:\/\/saisonsculturelleschaumont.fr\/mdxpuixt\/evenement\/bad-fat\/#breadcrumb"},"inLanguage":"fr-FR","potentialAction":[{"@type":"ReadAction","target":["https:\/\/saisonsculturelleschaumont.fr\/mdxpuixt\/evenement\/bad-fat\/"]}]},{"@type":"BreadcrumbList","@id":"https:\/\/saisonsculturelleschaumont.fr\/mdxpuixt\/evenement\/bad-fat\/#breadcrumb","itemListElement":[{"@type":"ListItem","position":1,"name":"Accueil","item":"https:\/\/saisonsculturelleschaumont.fr\/mdxpuixt\/"},{"@type":"ListItem","position":2,"name":"\u00c9v\u00e8nements","item":"https:\/\/saisonsculturelleschaumont.fr\/mdxpuixt\/agenda\/"},{"@type":"ListItem","position":3,"name":"Bad Fat"}]},{"@type":"WebSite","@id":"https:\/\/saisonsculturelleschaumont.fr\/mdxpuixt\/#website","url":"https:\/\/saisonsculturelleschaumont.fr\/mdxpuixt\/","name":"Les Saisons Culturelles de Chaumont","description":"","potentialAction":[{"@type":"SearchAction","target":{"@type":"EntryPoint","urlTemplate":"https:\/\/saisonsculturelleschaumont.fr\/mdxpuixt\/?s={search_term_string}"},"query-input":"required name=search_term_string"}],"inLanguage":"fr-FR"}]}},"uagb_featured_image_src":{"full":["https:\/\/saisonsculturelleschaumont.fr\/mdxpuixt\/wp-content\/uploads\/2020\/07\/Bad-Fat-\u00a9droits-r\u00e9serv\u00e9s.jpg",1503,1000,false],"thumbnail":["https:\/\/saisonsculturelleschaumont.fr\/mdxpuixt\/wp-content\/uploads\/2020\/07\/Bad-Fat-\u00a9droits-r\u00e9serv\u00e9s-80x80.jpg",80,80,true],"medium":["https:\/\/saisonsculturelleschaumont.fr\/mdxpuixt\/wp-content\/uploads\/2020\/07\/Bad-Fat-\u00a9droits-r\u00e9serv\u00e9s-300x300.jpg",300,300,true],"medium_large":["https:\/\/saisonsculturelleschaumont.fr\/mdxpuixt\/wp-content\/uploads\/2020\/07\/Bad-Fat-\u00a9droits-r\u00e9serv\u00e9s-768x768.jpg",768,768,true],"large":["https:\/\/saisonsculturelleschaumont.fr\/mdxpuixt\/wp-content\/uploads\/2020\/07\/Bad-Fat-\u00a9droits-r\u00e9serv\u00e9s-1030x1000.jpg",1030,1000,true],"1536x1536":["https:\/\/saisonsculturelleschaumont.fr\/mdxpuixt\/wp-content\/uploads\/2020\/07\/Bad-Fat-\u00a9droits-r\u00e9serv\u00e9s.jpg",1503,1000,false],"2048x2048":["https:\/\/saisonsculturelleschaumont.fr\/mdxpuixt\/wp-content\/uploads\/2020\/07\/Bad-Fat-\u00a9droits-r\u00e9serv\u00e9s.jpg",1503,1000,false],"widget":["https:\/\/saisonsculturelleschaumont.fr\/mdxpuixt\/wp-content\/uploads\/2020\/07\/Bad-Fat-\u00a9droits-r\u00e9serv\u00e9s-36x36.jpg",36,36,true],"square":["https:\/\/saisonsculturelleschaumont.fr\/mdxpuixt\/wp-content\/uploads\/2020\/07\/Bad-Fat-\u00a9droits-r\u00e9serv\u00e9s-180x180.jpg",180,180,true],"featured":["https:\/\/saisonsculturelleschaumont.fr\/mdxpuixt\/wp-content\/uploads\/2020\/07\/Bad-Fat-\u00a9droits-r\u00e9serv\u00e9s-1500x430.jpg",1500,430,true],"featured_large":["https:\/\/saisonsculturelleschaumont.fr\/mdxpuixt\/wp-content\/uploads\/2020\/07\/Bad-Fat-\u00a9droits-r\u00e9serv\u00e9s-1500x630.jpg",1500,630,true],"extra_large":["https:\/\/saisonsculturelleschaumont.fr\/mdxpuixt\/wp-content\/uploads\/2020\/07\/Bad-Fat-\u00a9droits-r\u00e9serv\u00e9s-1500x998.jpg",1500,998,true],"portfolio":["https:\/\/saisonsculturelleschaumont.fr\/mdxpuixt\/wp-content\/uploads\/2020\/07\/Bad-Fat-\u00a9droits-r\u00e9serv\u00e9s-495x400.jpg",495,400,true],"portfolio_small":["https:\/\/saisonsculturelleschaumont.fr\/mdxpuixt\/wp-content\/uploads\/2020\/07\/Bad-Fat-\u00a9droits-r\u00e9serv\u00e9s-260x185.jpg",260,185,true],"gallery":["https:\/\/saisonsculturelleschaumont.fr\/mdxpuixt\/wp-content\/uploads\/2020\/07\/Bad-Fat-\u00a9droits-r\u00e9serv\u00e9s-845x684.jpg",845,684,true],"magazine":["https:\/\/saisonsculturelleschaumont.fr\/mdxpuixt\/wp-content\/uploads\/2020\/07\/Bad-Fat-\u00a9droits-r\u00e9serv\u00e9s-710x375.jpg",710,375,true],"masonry":["https:\/\/saisonsculturelleschaumont.fr\/mdxpuixt\/wp-content\/uploads\/2020\/07\/Bad-Fat-\u00a9droits-r\u00e9serv\u00e9s-705x469.jpg",705,469,true],"entry_with_sidebar":["https:\/\/saisonsculturelleschaumont.fr\/mdxpuixt\/wp-content\/uploads\/2020\/07\/Bad-Fat-\u00a9droits-r\u00e9serv\u00e9s-845x321.jpg",845,321,true],"entry_without_sidebar":["https:\/\/saisonsculturelleschaumont.fr\/mdxpuixt\/wp-content\/uploads\/2020\/07\/Bad-Fat-\u00a9droits-r\u00e9serv\u00e9s-1210x423.jpg",1210,423,true]},"uagb_author_info":{"display_name":"Justine Ansel","author_link":"https:\/\/saisonsculturelleschaumont.fr\/mdxpuixt\/author\/justine-ansel\/"},"uagb_comment_info":0,"uagb_excerpt":"M\u00e9langer le rap au jazz et \u00e0 la musique \u00e9lectro, c\u2019est le pari lanc\u00e9 par Bad Fat et le r\u00e9sultat est surprenant ! D\u2019ailleurs, chez Bad Fat, le m\u00e9lange n\u2019est [&hellip;]","_links":{"self":[{"href":"https:\/\/saisonsculturelleschaumont.fr\/mdxpuixt\/wp-json\/wp\/v2\/tribe_events\/5517"}],"collection":[{"href":"https:\/\/saisonsculturelleschaumont.fr\/mdxpuixt\/wp-json\/wp\/v2\/tribe_events"}],"about":[{"href":"https:\/\/saisonsculturelleschaumont.fr\/mdxpuixt\/wp-json\/wp\/v2\/types\/tribe_events"}],"author":[{"embeddable":true,"href":"https:\/\/saisonsculturelleschaumont.fr\/mdxpuixt\/wp-json\/wp\/v2\/users\/3"}],"replies":[{"embeddable":true,"href":"https:\/\/saisonsculturelleschaumont.fr\/mdxpuixt\/wp-json\/wp\/v2\/comments?post=5517"}],"version-history":[{"count":0,"href":"https:\/\/saisonsculturelleschaumont.fr\/mdxpuixt\/wp-json\/wp\/v2\/tribe_events\/5517\/revisions"}],"wp:featuredmedia":[{"embeddable":true,"href":"https:\/\/saisonsculturelleschaumont.fr\/mdxpuixt\/wp-json\/wp\/v2\/media\/5533"}],"wp:attachment":[{"href":"https:\/\/saisonsculturelleschaumont.fr\/mdxpuixt\/wp-json\/wp\/v2\/media?parent=5517"}],"wp:term":[{"taxonomy":"post_tag","embeddable":true,"href":"https:\/\/saisonsculturelleschaumont.fr\/mdxpuixt\/wp-json\/wp\/v2\/tags?post=5517"},{"taxonomy":"tribe_events_cat","embeddable":true,"href":"https:\/\/saisonsculturelleschaumont.fr\/mdxpuixt\/wp-json\/wp\/v2\/tribe_events_cat?post=5517"}],"curies":[{"name":"wp","href":"https:\/\/api.w.org\/{rel}","templated":true}]}}

<p>Mélanger le rap au jazz et à la musique électro, c’est le pari lancé par Bad Fat et le résultat est surprenant ! D’ailleurs, chez Bad Fat, le mélange n’est pas que musical puisque c’est deux rappeurs et beatboxers américains, Mattic et Napoleon Maddox, qui ont rejoint le groupe depuis peu. L’univers de ce nouvel ensemble rappelle celui des jazz-men de la Nouvelle Orléans, avec la dimension contemporaine du hip-hop chaloupé. En mixant les styles, Bad Fat attire un public varié et a su s’imposer sur la scène française. <br /> Entrée libre</p>

<p>Mélanger le rap au jazz et à la musique électro, c’est le pari lancé par Bad Fat et le résultat est surprenant ! D’ailleurs, chez Bad Fat, le mélange n’est [&hellip;]</p>

<!-- This site is optimized with the Yoast SEO plugin v21.1 - https://yoast.com/wordpress/plugins/seo/ -->
<title>Bad Fat - Les Saisons Culturelles de Chaumont</title>
<meta name="description" content="Découvrez la programmation culturelle de la saison culturelle de la ville de Chaumont. Expositions, visites, rencontres, ateliers, concerts, spectacles, animations et plus encore." />
<meta name="robots" content="noindex, follow, max-snippet:-1, max-image-preview:large, max-video-preview:-1" />
<meta property="og:locale" content="fr_FR" />
<meta property="og:type" content="article" />
<meta property="og:title" content="Bad Fat - Les Saisons Culturelles de Chaumont" />
<meta property="og:description" content="Découvrez la programmation culturelle de la saison culturelle de la ville de Chaumont. Expositions, visites, rencontres, ateliers, concerts, spectacles, animations et plus encore." />
<meta property="og:url" content="https://saisonsculturelleschaumont.fr/mdxpuixt/evenement/bad-fat/" />
<meta property="og:site_name" content="Les Saisons Culturelles de Chaumont" />
<meta property="article:publisher" content="https://www.facebook.com/saisonsculturelleschaumont/" />
<meta property="article:modified_time" content="2023-09-15T13:03:30+00:00" />
<meta property="og:image" content="https://saisonsculturelleschaumont.fr/mdxpuixt/wp-content/uploads/2020/07/Bad-Fat-©droits-réservés.jpg" />
	<meta property="og:image:width" content="1503" />
	<meta property="og:image:height" content="1000" />
	<meta property="og:image:type" content="image/jpeg" />
<meta name="twitter:card" content="summary_large_image" />
<meta name="twitter:label1" content="Durée de lecture estimée" />
	<meta name="twitter:data1" content="1 minute" />
<script type="application/ld+json" class="yoast-schema-graph">{"@context":"https://schema.org","@graph":[{"@type":"WebPage","@id":"https://saisonsculturelleschaumont.fr/mdxpuixt/evenement/bad-fat/","url":"https://saisonsculturelleschaumont.fr/mdxpuixt/evenement/bad-fat/","name":"Bad Fat - Les Saisons Culturelles de Chaumont","isPartOf":{"@id":"https://saisonsculturelleschaumont.fr/mdxpuixt/#website"},"datePublished":"2020-07-31T22:00:00+00:00","dateModified":"2023-09-15T13:03:30+00:00","description":"Découvrez la programmation culturelle de la saison culturelle de la ville de Chaumont. Expositions, visites, rencontres, ateliers, concerts, spectacles, animations et plus encore.","breadcrumb":{"@id":"https://saisonsculturelleschaumont.fr/mdxpuixt/evenement/bad-fat/#breadcrumb"},"inLanguage":"fr-FR","potentialAction":[{"@type":"ReadAction","target":["https://saisonsculturelleschaumont.fr/mdxpuixt/evenement/bad-fat/"]}]},{"@type":"BreadcrumbList","@id":"https://saisonsculturelleschaumont.fr/mdxpuixt/evenement/bad-fat/#breadcrumb","itemListElement":[{"@type":"ListItem","position":1,"name":"Accueil","item":"https://saisonsculturelleschaumont.fr/mdxpuixt/"},{"@type":"ListItem","position":2,"name":"Évènements","item":"https://saisonsculturelleschaumont.fr/mdxpuixt/agenda/"},{"@type":"ListItem","position":3,"name":"Bad Fat"}]},{"@type":"WebSite","@id":"https://saisonsculturelleschaumont.fr/mdxpuixt/#website","url":"https://saisonsculturelleschaumont.fr/mdxpuixt/","name":"Les Saisons Culturelles de Chaumont","description":"","potentialAction":[{"@type":"SearchAction","target":{"@type":"EntryPoint","urlTemplate":"https://saisonsculturelleschaumont.fr/mdxpuixt/?s={search_term_string}"},"query-input":"required name=search_term_string"}],"inLanguage":"fr-FR"}]}</script>
<!-- / Yoast SEO plugin. -->

Découvrez la programmation culturelle de la saison culturelle de la ville de Chaumont. Expositions, visites, rencontres, ateliers, concerts, spectacles, animations et plus encore.

https://saisonsculturelleschaumont.fr/mdxpuixt/wp-content/uploads/2020/07/Bad-Fat-©droits-réservés.jpg

Évènements

https://saisonsculturelleschaumont.fr/mdxpuixt/wp-content/uploads/2020/07/Bad-Fat-©droits-réservés-80x80.jpg

https://saisonsculturelleschaumont.fr/mdxpuixt/wp-content/uploads/2020/07/Bad-Fat-©droits-réservés-300x300.jpg

https://saisonsculturelleschaumont.fr/mdxpuixt/wp-content/uploads/2020/07/Bad-Fat-©droits-réservés-768x768.jpg

https://saisonsculturelleschaumont.fr/mdxpuixt/wp-content/uploads/2020/07/Bad-Fat-©droits-réservés-1030x1000.jpg

https://saisonsculturelleschaumont.fr/mdxpuixt/wp-content/uploads/2020/07/Bad-Fat-©droits-réservés-36x36.jpg

https://saisonsculturelleschaumont.fr/mdxpuixt/wp-content/uploads/2020/07/Bad-Fat-©droits-réservés-180x180.jpg

https://saisonsculturelleschaumont.fr/mdxpuixt/wp-content/uploads/2020/07/Bad-Fat-©droits-réservés-1500x430.jpg

https://saisonsculturelleschaumont.fr/mdxpuixt/wp-content/uploads/2020/07/Bad-Fat-©droits-réservés-1500x630.jpg

https://saisonsculturelleschaumont.fr/mdxpuixt/wp-content/uploads/2020/07/Bad-Fat-©droits-réservés-1500x998.jpg

https://saisonsculturelleschaumont.fr/mdxpuixt/wp-content/uploads/2020/07/Bad-Fat-©droits-réservés-495x400.jpg

https://saisonsculturelleschaumont.fr/mdxpuixt/wp-content/uploads/2020/07/Bad-Fat-©droits-réservés-260x185.jpg

https://saisonsculturelleschaumont.fr/mdxpuixt/wp-content/uploads/2020/07/Bad-Fat-©droits-réservés-845x684.jpg

https://saisonsculturelleschaumont.fr/mdxpuixt/wp-content/uploads/2020/07/Bad-Fat-©droits-réservés-710x375.jpg

https://saisonsculturelleschaumont.fr/mdxpuixt/wp-content/uploads/2020/07/Bad-Fat-©droits-réservés-705x469.jpg

https://saisonsculturelleschaumont.fr/mdxpuixt/wp-content/uploads/2020/07/Bad-Fat-©droits-réservés-845x321.jpg

https://saisonsculturelleschaumont.fr/mdxpuixt/wp-content/uploads/2020/07/Bad-Fat-©droits-réservés-1210x423.jpg

Mélanger le rap au jazz et à la musique électro, c’est le pari lancé par Bad Fat et le résultat est surprenant ! D’ailleurs, chez Bad Fat, le mélange n’est [&hellip;]
