{"id":6206,"date":"2021-03-12T09:47:22","date_gmt":"2021-03-12T08:47:22","guid":{"rendered":"https:\/\/saisonsculturelleschaumont.fr\/mdxpuixt\/evenement\/pan\/"},"modified":"2021-04-07T11:12:43","modified_gmt":"2021-04-07T09:12:43","slug":"pan","status":"publish","type":"tribe_events","link":"https:\/\/saisonsculturelleschaumont.fr\/mdxpuixt\/evenement\/pan\/","title":{"rendered":"pan ! &#8211; report\u00e9"},"content":{"rendered":"<p><strong> Marius Von Mayenburg \/ Compagnie Premiers Actes <\/strong><br \/>\nD\u00e8s sa naissance, le petit Ralph Pan est un monstre, un enfant insupportable, \u00e9go\u00efste, imbu de lui-m\u00eame. Et il le sait. Il est arriv\u00e9 pour retourner le monde, le sortir de sa paralysie. Il a de grands projets. Ses parents \u2013 des bobos qui surprot\u00e8gent cet enfant-roi -voient en lui un g\u00e9nie. Mais lui, voit encore plus loin. De grands bouleversements sont aujourd\u2019hui en cours et nous avons besoin d\u2019hommes forts qui promettent de se d\u00e9brouiller seuls. Ralf se montre tant\u00f4t un adulte tr\u00e8s enfantin ou un enfant tr\u00e8s adulte, et s\u2019en prend \u00e0 tous ceux qui lui barrent la route. Nous suivrons diff\u00e9rentes \u00e9tapes de sa vie, avec ses parents, sa baby- sitter, ses voisins ou son professeur de violon. En fr\u00f4lant l\u2019absurde\u2026<\/p>\n<p>Dramaturge \u00e0 la Schaub\u00fchne, Marius von Mayenburg a \u00e9crit cette pi\u00e8ce en 2017, juste apr\u00e8s l\u2019\u00e9lection de Donald Trump qui a suivi celles d\u2019Erdogan, Poutine, Orban, Kaczynski\u2026 Comme une r\u00e9action allergique \u00e0 ces leaders machos et \u00e0 leurs r\u00e9ponses simplistes \u00e0 des questions complexes, il cr\u00e9\u00e9 Ralph Pan, ce personnage au nom qui claque comme un slogan, raciste, misogyne, \u00e9go\u00efste et incapable d\u2019accepter les critiques. Thibaut Wenger et sa bande s\u2019emparent de cette com\u00e9die f\u00e9roce, pr\u00e9sent\u00e9e pour la premi\u00e8re fois en fran\u00e7ais dans une traduction de Jos\u00e9phine de Weck, o\u00f9 on tire sans complaisance sur tout ce qui bouge, \u00e0 commencer par la bien-pensance g\u00e9n\u00e9rale de notre \u00e9poque.<\/p>\n<p>7\u20ac \/ 12\u20ac \/ 15\u20ac<\/p>\n<p>&nbsp;<\/p>\n<p>Sous r\u00e9serve de l&rsquo;\u00e9volution de la situation sanitaire.<\/p>\n","protected":false},"excerpt":{"rendered":"<p>Marius Von Mayenburg \/ Compagnie Premiers Actes D\u00e8s sa naissance, le petit Ralph Pan est un monstre, un enfant insupportable, \u00e9go\u00efste, imbu de lui-m\u00eame. Et il le sait. Il est [&hellip;]<\/p>\n","protected":false},"author":3,"featured_media":6219,"comment_status":"closed","ping_status":"closed","template":"","meta":{"_uag_custom_page_level_css":"","_tribe_events_status":"","_tribe_events_status_reason":""},"tags":[87,130,55,106],"tribe_events_cat":[44],"yoast_head":"<!-- This site is optimized with the Yoast SEO plugin v21.1 - https:\/\/yoast.com\/wordpress\/plugins\/seo\/ -->\n<title>pan ! - report\u00e9 - Les Saisons Culturelles de Chaumont<\/title>\n<meta name=\"description\" content=\"D\u00e9couvrez la programmation culturelle de la saison culturelle de la ville de Chaumont. Expositions, visites, rencontres, ateliers, concerts, spectacles, animations et plus encore.\" \/>\n<meta name=\"robots\" content=\"noindex, follow, max-snippet:-1, max-image-preview:large, max-video-preview:-1\" \/>\n<meta property=\"og:locale\" content=\"fr_FR\" \/>\n<meta property=\"og:type\" content=\"article\" \/>\n<meta property=\"og:title\" content=\"pan ! - report\u00e9 - Les Saisons Culturelles de Chaumont\" \/>\n<meta property=\"og:description\" content=\"D\u00e9couvrez la programmation culturelle de la saison culturelle de la ville de Chaumont. Expositions, visites, rencontres, ateliers, concerts, spectacles, animations et plus encore.\" \/>\n<meta property=\"og:url\" content=\"https:\/\/saisonsculturelleschaumont.fr\/mdxpuixt\/evenement\/pan\/\" \/>\n<meta property=\"og:site_name\" content=\"Les Saisons Culturelles de Chaumont\" \/>\n<meta property=\"article:publisher\" content=\"https:\/\/www.facebook.com\/saisonsculturelleschaumont\/\" \/>\n<meta property=\"article:modified_time\" content=\"2021-04-07T09:12:43+00:00\" \/>\n<meta property=\"og:image\" content=\"https:\/\/saisonsculturelleschaumont.fr\/mdxpuixt\/wp-content\/uploads\/2021\/03\/Pan.jpeg\" \/>\n\t<meta property=\"og:image:width\" content=\"500\" \/>\n\t<meta property=\"og:image:height\" content=\"500\" \/>\n\t<meta property=\"og:image:type\" content=\"image\/jpeg\" \/>\n<meta name=\"twitter:card\" content=\"summary_large_image\" \/>\n<meta name=\"twitter:label1\" content=\"Dur\u00e9e de lecture estim\u00e9e\" \/>\n\t<meta name=\"twitter:data1\" content=\"2 minutes\" \/>\n<script type=\"application\/ld+json\" class=\"yoast-schema-graph\">{\"@context\":\"https:\/\/schema.org\",\"@graph\":[{\"@type\":\"WebPage\",\"@id\":\"https:\/\/saisonsculturelleschaumont.fr\/mdxpuixt\/evenement\/pan\/\",\"url\":\"https:\/\/saisonsculturelleschaumont.fr\/mdxpuixt\/evenement\/pan\/\",\"name\":\"pan ! - report\u00e9 - Les Saisons Culturelles de Chaumont\",\"isPartOf\":{\"@id\":\"https:\/\/saisonsculturelleschaumont.fr\/mdxpuixt\/#website\"},\"datePublished\":\"2021-03-12T08:47:22+00:00\",\"dateModified\":\"2021-04-07T09:12:43+00:00\",\"description\":\"D\u00e9couvrez la programmation culturelle de la saison culturelle de la ville de Chaumont. Expositions, visites, rencontres, ateliers, concerts, spectacles, animations et plus encore.\",\"breadcrumb\":{\"@id\":\"https:\/\/saisonsculturelleschaumont.fr\/mdxpuixt\/evenement\/pan\/#breadcrumb\"},\"inLanguage\":\"fr-FR\",\"potentialAction\":[{\"@type\":\"ReadAction\",\"target\":[\"https:\/\/saisonsculturelleschaumont.fr\/mdxpuixt\/evenement\/pan\/\"]}]},{\"@type\":\"BreadcrumbList\",\"@id\":\"https:\/\/saisonsculturelleschaumont.fr\/mdxpuixt\/evenement\/pan\/#breadcrumb\",\"itemListElement\":[{\"@type\":\"ListItem\",\"position\":1,\"name\":\"Accueil\",\"item\":\"https:\/\/saisonsculturelleschaumont.fr\/mdxpuixt\/\"},{\"@type\":\"ListItem\",\"position\":2,\"name\":\"\u00c9v\u00e8nements\",\"item\":\"https:\/\/saisonsculturelleschaumont.fr\/mdxpuixt\/agenda\/\"},{\"@type\":\"ListItem\",\"position\":3,\"name\":\"pan ! &#8211; report\u00e9\"}]},{\"@type\":\"WebSite\",\"@id\":\"https:\/\/saisonsculturelleschaumont.fr\/mdxpuixt\/#website\",\"url\":\"https:\/\/saisonsculturelleschaumont.fr\/mdxpuixt\/\",\"name\":\"Les Saisons Culturelles de Chaumont\",\"description\":\"\",\"potentialAction\":[{\"@type\":\"SearchAction\",\"target\":{\"@type\":\"EntryPoint\",\"urlTemplate\":\"https:\/\/saisonsculturelleschaumont.fr\/mdxpuixt\/?s={search_term_string}\"},\"query-input\":\"required name=search_term_string\"}],\"inLanguage\":\"fr-FR\"}]}<\/script>\n<!-- \/ Yoast SEO plugin. -->","yoast_head_json":{"title":"pan ! - report\u00e9 - Les Saisons Culturelles de Chaumont","description":"D\u00e9couvrez la programmation culturelle de la saison culturelle de la ville de Chaumont. Expositions, visites, rencontres, ateliers, concerts, spectacles, animations et plus encore.","robots":{"index":"noindex","follow":"follow","max-snippet":"max-snippet:-1","max-image-preview":"max-image-preview:large","max-video-preview":"max-video-preview:-1"},"og_locale":"fr_FR","og_type":"article","og_title":"pan ! - report\u00e9 - Les Saisons Culturelles de Chaumont","og_description":"D\u00e9couvrez la programmation culturelle de la saison culturelle de la ville de Chaumont. Expositions, visites, rencontres, ateliers, concerts, spectacles, animations et plus encore.","og_url":"https:\/\/saisonsculturelleschaumont.fr\/mdxpuixt\/evenement\/pan\/","og_site_name":"Les Saisons Culturelles de Chaumont","article_publisher":"https:\/\/www.facebook.com\/saisonsculturelleschaumont\/","article_modified_time":"2021-04-07T09:12:43+00:00","og_image":[{"width":500,"height":500,"url":"https:\/\/saisonsculturelleschaumont.fr\/mdxpuixt\/wp-content\/uploads\/2021\/03\/Pan.jpeg","type":"image\/jpeg"}],"twitter_card":"summary_large_image","twitter_misc":{"Dur\u00e9e de lecture estim\u00e9e":"2 minutes"},"schema":{"@context":"https:\/\/schema.org","@graph":[{"@type":"WebPage","@id":"https:\/\/saisonsculturelleschaumont.fr\/mdxpuixt\/evenement\/pan\/","url":"https:\/\/saisonsculturelleschaumont.fr\/mdxpuixt\/evenement\/pan\/","name":"pan ! - report\u00e9 - Les Saisons Culturelles de Chaumont","isPartOf":{"@id":"https:\/\/saisonsculturelleschaumont.fr\/mdxpuixt\/#website"},"datePublished":"2021-03-12T08:47:22+00:00","dateModified":"2021-04-07T09:12:43+00:00","description":"D\u00e9couvrez la programmation culturelle de la saison culturelle de la ville de Chaumont. Expositions, visites, rencontres, ateliers, concerts, spectacles, animations et plus encore.","breadcrumb":{"@id":"https:\/\/saisonsculturelleschaumont.fr\/mdxpuixt\/evenement\/pan\/#breadcrumb"},"inLanguage":"fr-FR","potentialAction":[{"@type":"ReadAction","target":["https:\/\/saisonsculturelleschaumont.fr\/mdxpuixt\/evenement\/pan\/"]}]},{"@type":"BreadcrumbList","@id":"https:\/\/saisonsculturelleschaumont.fr\/mdxpuixt\/evenement\/pan\/#breadcrumb","itemListElement":[{"@type":"ListItem","position":1,"name":"Accueil","item":"https:\/\/saisonsculturelleschaumont.fr\/mdxpuixt\/"},{"@type":"ListItem","position":2,"name":"\u00c9v\u00e8nements","item":"https:\/\/saisonsculturelleschaumont.fr\/mdxpuixt\/agenda\/"},{"@type":"ListItem","position":3,"name":"pan ! &#8211; report\u00e9"}]},{"@type":"WebSite","@id":"https:\/\/saisonsculturelleschaumont.fr\/mdxpuixt\/#website","url":"https:\/\/saisonsculturelleschaumont.fr\/mdxpuixt\/","name":"Les Saisons Culturelles de Chaumont","description":"","potentialAction":[{"@type":"SearchAction","target":{"@type":"EntryPoint","urlTemplate":"https:\/\/saisonsculturelleschaumont.fr\/mdxpuixt\/?s={search_term_string}"},"query-input":"required name=search_term_string"}],"inLanguage":"fr-FR"}]}},"uagb_featured_image_src":{"full":["https:\/\/saisonsculturelleschaumont.fr\/mdxpuixt\/wp-content\/uploads\/2021\/03\/Pan.jpeg",500,500,false],"thumbnail":["https:\/\/saisonsculturelleschaumont.fr\/mdxpuixt\/wp-content\/uploads\/2021\/03\/Pan-80x80.jpeg",80,80,true],"medium":["https:\/\/saisonsculturelleschaumont.fr\/mdxpuixt\/wp-content\/uploads\/2021\/03\/Pan-300x300.jpeg",300,300,true],"medium_large":["https:\/\/saisonsculturelleschaumont.fr\/mdxpuixt\/wp-content\/uploads\/2021\/03\/Pan.jpeg",500,500,false],"large":["https:\/\/saisonsculturelleschaumont.fr\/mdxpuixt\/wp-content\/uploads\/2021\/03\/Pan.jpeg",500,500,false],"1536x1536":["https:\/\/saisonsculturelleschaumont.fr\/mdxpuixt\/wp-content\/uploads\/2021\/03\/Pan.jpeg",500,500,false],"2048x2048":["https:\/\/saisonsculturelleschaumont.fr\/mdxpuixt\/wp-content\/uploads\/2021\/03\/Pan.jpeg",500,500,false],"widget":["https:\/\/saisonsculturelleschaumont.fr\/mdxpuixt\/wp-content\/uploads\/2021\/03\/Pan-36x36.jpeg",36,36,true],"square":["https:\/\/saisonsculturelleschaumont.fr\/mdxpuixt\/wp-content\/uploads\/2021\/03\/Pan-180x180.jpeg",180,180,true],"featured":["https:\/\/saisonsculturelleschaumont.fr\/mdxpuixt\/wp-content\/uploads\/2021\/03\/Pan-500x430.jpeg",500,430,true],"featured_large":["https:\/\/saisonsculturelleschaumont.fr\/mdxpuixt\/wp-content\/uploads\/2021\/03\/Pan.jpeg",500,500,false],"extra_large":["https:\/\/saisonsculturelleschaumont.fr\/mdxpuixt\/wp-content\/uploads\/2021\/03\/Pan.jpeg",500,500,false],"portfolio":["https:\/\/saisonsculturelleschaumont.fr\/mdxpuixt\/wp-content\/uploads\/2021\/03\/Pan-495x400.jpeg",495,400,true],"portfolio_small":["https:\/\/saisonsculturelleschaumont.fr\/mdxpuixt\/wp-content\/uploads\/2021\/03\/Pan-260x185.jpeg",260,185,true],"gallery":["https:\/\/saisonsculturelleschaumont.fr\/mdxpuixt\/wp-content\/uploads\/2021\/03\/Pan.jpeg",500,500,false],"magazine":["https:\/\/saisonsculturelleschaumont.fr\/mdxpuixt\/wp-content\/uploads\/2021\/03\/Pan-500x375.jpeg",500,375,true],"masonry":["https:\/\/saisonsculturelleschaumont.fr\/mdxpuixt\/wp-content\/uploads\/2021\/03\/Pan.jpeg",500,500,false],"entry_with_sidebar":["https:\/\/saisonsculturelleschaumont.fr\/mdxpuixt\/wp-content\/uploads\/2021\/03\/Pan-500x321.jpeg",500,321,true],"entry_without_sidebar":["https:\/\/saisonsculturelleschaumont.fr\/mdxpuixt\/wp-content\/uploads\/2021\/03\/Pan-500x423.jpeg",500,423,true]},"uagb_author_info":{"display_name":"Justine Ansel","author_link":"https:\/\/saisonsculturelleschaumont.fr\/mdxpuixt\/author\/justine-ansel\/"},"uagb_comment_info":0,"uagb_excerpt":"Marius Von Mayenburg \/ Compagnie Premiers Actes D\u00e8s sa naissance, le petit Ralph Pan est un monstre, un enfant insupportable, \u00e9go\u00efste, imbu de lui-m\u00eame. Et il le sait. Il est [&hellip;]","_links":{"self":[{"href":"https:\/\/saisonsculturelleschaumont.fr\/mdxpuixt\/wp-json\/wp\/v2\/tribe_events\/6206"}],"collection":[{"href":"https:\/\/saisonsculturelleschaumont.fr\/mdxpuixt\/wp-json\/wp\/v2\/tribe_events"}],"about":[{"href":"https:\/\/saisonsculturelleschaumont.fr\/mdxpuixt\/wp-json\/wp\/v2\/types\/tribe_events"}],"author":[{"embeddable":true,"href":"https:\/\/saisonsculturelleschaumont.fr\/mdxpuixt\/wp-json\/wp\/v2\/users\/3"}],"replies":[{"embeddable":true,"href":"https:\/\/saisonsculturelleschaumont.fr\/mdxpuixt\/wp-json\/wp\/v2\/comments?post=6206"}],"version-history":[{"count":0,"href":"https:\/\/saisonsculturelleschaumont.fr\/mdxpuixt\/wp-json\/wp\/v2\/tribe_events\/6206\/revisions"}],"wp:featuredmedia":[{"embeddable":true,"href":"https:\/\/saisonsculturelleschaumont.fr\/mdxpuixt\/wp-json\/wp\/v2\/media\/6219"}],"wp:attachment":[{"href":"https:\/\/saisonsculturelleschaumont.fr\/mdxpuixt\/wp-json\/wp\/v2\/media?parent=6206"}],"wp:term":[{"taxonomy":"post_tag","embeddable":true,"href":"https:\/\/saisonsculturelleschaumont.fr\/mdxpuixt\/wp-json\/wp\/v2\/tags?post=6206"},{"taxonomy":"tribe_events_cat","embeddable":true,"href":"https:\/\/saisonsculturelleschaumont.fr\/mdxpuixt\/wp-json\/wp\/v2\/tribe_events_cat?post=6206"}],"curies":[{"name":"wp","href":"https:\/\/api.w.org\/{rel}","templated":true}]}}

pan ! &#8211; reporté

<p><strong> Marius Von Mayenburg / Compagnie Premiers Actes </strong><br />
Dès sa naissance, le petit Ralph Pan est un monstre, un enfant insupportable, égoïste, imbu de lui-même. Et il le sait. Il est arrivé pour retourner le monde, le sortir de sa paralysie. Il a de grands projets. Ses parents – des bobos qui surprotègent cet enfant-roi -voient en lui un génie. Mais lui, voit encore plus loin. De grands bouleversements sont aujourd’hui en cours et nous avons besoin d’hommes forts qui promettent de se débrouiller seuls. Ralf se montre tantôt un adulte très enfantin ou un enfant très adulte, et s’en prend à tous ceux qui lui barrent la route. Nous suivrons différentes étapes de sa vie, avec ses parents, sa baby- sitter, ses voisins ou son professeur de violon. En frôlant l’absurde…</p>
<p>Dramaturge à la Schaubühne, Marius von Mayenburg a écrit cette pièce en 2017, juste après l’élection de Donald Trump qui a suivi celles d’Erdogan, Poutine, Orban, Kaczynski… Comme une réaction allergique à ces leaders machos et à leurs réponses simplistes à des questions complexes, il créé Ralph Pan, ce personnage au nom qui claque comme un slogan, raciste, misogyne, égoïste et incapable d’accepter les critiques. Thibaut Wenger et sa bande s’emparent de cette comédie féroce, présentée pour la première fois en français dans une traduction de Joséphine de Weck, où on tire sans complaisance sur tout ce qui bouge, à commencer par la bien-pensance générale de notre époque.</p>
<p>7€ / 12€ / 15€</p>
<p>&nbsp;</p>
<p>Sous réserve de l&rsquo;évolution de la situation sanitaire.</p>

<p>Marius Von Mayenburg / Compagnie Premiers Actes Dès sa naissance, le petit Ralph Pan est un monstre, un enfant insupportable, égoïste, imbu de lui-même. Et il le sait. Il est [&hellip;]</p>

<!-- This site is optimized with the Yoast SEO plugin v21.1 - https://yoast.com/wordpress/plugins/seo/ -->
<title>pan ! - reporté - Les Saisons Culturelles de Chaumont</title>
<meta name="description" content="Découvrez la programmation culturelle de la saison culturelle de la ville de Chaumont. Expositions, visites, rencontres, ateliers, concerts, spectacles, animations et plus encore." />
<meta name="robots" content="noindex, follow, max-snippet:-1, max-image-preview:large, max-video-preview:-1" />
<meta property="og:locale" content="fr_FR" />
<meta property="og:type" content="article" />
<meta property="og:title" content="pan ! - reporté - Les Saisons Culturelles de Chaumont" />
<meta property="og:description" content="Découvrez la programmation culturelle de la saison culturelle de la ville de Chaumont. Expositions, visites, rencontres, ateliers, concerts, spectacles, animations et plus encore." />
<meta property="og:url" content="https://saisonsculturelleschaumont.fr/mdxpuixt/evenement/pan/" />
<meta property="og:site_name" content="Les Saisons Culturelles de Chaumont" />
<meta property="article:publisher" content="https://www.facebook.com/saisonsculturelleschaumont/" />
<meta property="article:modified_time" content="2021-04-07T09:12:43+00:00" />
<meta property="og:image" content="https://saisonsculturelleschaumont.fr/mdxpuixt/wp-content/uploads/2021/03/Pan.jpeg" />
	<meta property="og:image:width" content="500" />
	<meta property="og:image:height" content="500" />
	<meta property="og:image:type" content="image/jpeg" />
<meta name="twitter:card" content="summary_large_image" />
<meta name="twitter:label1" content="Durée de lecture estimée" />
	<meta name="twitter:data1" content="2 minutes" />
<script type="application/ld+json" class="yoast-schema-graph">{"@context":"https://schema.org","@graph":[{"@type":"WebPage","@id":"https://saisonsculturelleschaumont.fr/mdxpuixt/evenement/pan/","url":"https://saisonsculturelleschaumont.fr/mdxpuixt/evenement/pan/","name":"pan ! - reporté - Les Saisons Culturelles de Chaumont","isPartOf":{"@id":"https://saisonsculturelleschaumont.fr/mdxpuixt/#website"},"datePublished":"2021-03-12T08:47:22+00:00","dateModified":"2021-04-07T09:12:43+00:00","description":"Découvrez la programmation culturelle de la saison culturelle de la ville de Chaumont. Expositions, visites, rencontres, ateliers, concerts, spectacles, animations et plus encore.","breadcrumb":{"@id":"https://saisonsculturelleschaumont.fr/mdxpuixt/evenement/pan/#breadcrumb"},"inLanguage":"fr-FR","potentialAction":[{"@type":"ReadAction","target":["https://saisonsculturelleschaumont.fr/mdxpuixt/evenement/pan/"]}]},{"@type":"BreadcrumbList","@id":"https://saisonsculturelleschaumont.fr/mdxpuixt/evenement/pan/#breadcrumb","itemListElement":[{"@type":"ListItem","position":1,"name":"Accueil","item":"https://saisonsculturelleschaumont.fr/mdxpuixt/"},{"@type":"ListItem","position":2,"name":"Évènements","item":"https://saisonsculturelleschaumont.fr/mdxpuixt/agenda/"},{"@type":"ListItem","position":3,"name":"pan ! &#8211; reporté"}]},{"@type":"WebSite","@id":"https://saisonsculturelleschaumont.fr/mdxpuixt/#website","url":"https://saisonsculturelleschaumont.fr/mdxpuixt/","name":"Les Saisons Culturelles de Chaumont","description":"","potentialAction":[{"@type":"SearchAction","target":{"@type":"EntryPoint","urlTemplate":"https://saisonsculturelleschaumont.fr/mdxpuixt/?s={search_term_string}"},"query-input":"required name=search_term_string"}],"inLanguage":"fr-FR"}]}</script>
<!-- / Yoast SEO plugin. -->

pan ! - reporté - Les Saisons Culturelles de Chaumont

Découvrez la programmation culturelle de la saison culturelle de la ville de Chaumont. Expositions, visites, rencontres, ateliers, concerts, spectacles, animations et plus encore.

Évènements

Marius Von Mayenburg / Compagnie Premiers Actes Dès sa naissance, le petit Ralph Pan est un monstre, un enfant insupportable, égoïste, imbu de lui-même. Et il le sait. Il est [&hellip;]
