{"id":8654,"date":"2022-06-15T15:09:35","date_gmt":"2022-06-15T13:09:35","guid":{"rendered":"https:\/\/saisonsculturelleschaumont.fr\/mdxpuixt\/?post_type=tribe_events&#038;p=8654"},"modified":"2023-09-15T15:03:21","modified_gmt":"2023-09-15T13:03:21","slug":"__trashed-13","status":"publish","type":"tribe_events","link":"https:\/\/saisonsculturelleschaumont.fr\/mdxpuixt\/evenement\/__trashed-13\/","title":{"rendered":"Paint the park avec Tomalater"},"content":{"rendered":"<p>Tomalater, artiste et surtout amoureux de la planche, propose aux habitants du Cavalier de participer \u00e0 la r\u00e9alisation d&rsquo;une fresque qui habillera le tout nouveau skate park du quartier.<\/p>\n<p>L&rsquo;artiste sera pr\u00e9sent sur site de 10h \u00e0 12h et de 14h \u00e0 16h, alors si vous passez par l\u00e0, n&rsquo;h\u00e9sitez pas \u00e0 vous arr\u00eater et \u00e0 apporter votre pierre \u00e0 l&rsquo;\u00e9difice ou plut\u00f4t \u00e0 la fresque !<\/p>\n<p>Gratuit, sans r\u00e9servation<br \/>\nTous publics<\/p>\n<p>Inauguration du skatepark (projet laur\u00e9at du budget participatif 2021) et de la fresque<br \/>\n\u2192 samedi 23 juillet \u00e0 15h30<\/p>\n<p>&nbsp;<\/p>\n<div class=\"cxmmr5t8 oygrvhab hcukyx3x c1et5uql o9v6fnle\">Dans le cadre du projet d&rsquo;am\u00e9lioration du skate park du quartier du Cavalier (budget participatif #1) &amp; de la programmation des ESTIVALES \u00c0 CHAUMONT<\/div>\n<div><\/div>\n<div class=\"cxmmr5t8 oygrvhab hcukyx3x c1et5uql o9v6fnle\">En partenariat avec l&rsquo;Agglom\u00e9ration de Chaumont et l&rsquo;ANCT (Agence Nationale de la Coh\u00e9sion des Territoires)<\/div>\n<div><\/div>\n","protected":false},"excerpt":{"rendered":"<p>Tomalater, artiste et surtout amoureux de la planche, propose aux habitants du Cavalier de participer \u00e0 la r\u00e9alisation d&rsquo;une fresque qui habillera le tout nouveau skate park du quartier. L&rsquo;artiste [&hellip;]<\/p>\n","protected":false},"author":3,"featured_media":7855,"comment_status":"closed","ping_status":"closed","template":"","meta":{"_uag_custom_page_level_css":"","_tribe_events_status":"","_tribe_events_status_reason":""},"tags":[115,81,79,311],"tribe_events_cat":[305],"yoast_head":"<!-- This site is optimized with the Yoast SEO plugin v21.1 - https:\/\/yoast.com\/wordpress\/plugins\/seo\/ -->\n<title>Paint the park avec Tomalater - Les Saisons Culturelles de Chaumont<\/title>\n<meta name=\"description\" content=\"D\u00e9couvrez la programmation culturelle de la saison culturelle de la ville de Chaumont. Expositions, visites, rencontres, ateliers, concerts, spectacles, animations et plus encore.\" \/>\n<meta name=\"robots\" content=\"noindex, follow, max-snippet:-1, max-image-preview:large, max-video-preview:-1\" \/>\n<meta property=\"og:locale\" content=\"fr_FR\" \/>\n<meta property=\"og:type\" content=\"article\" \/>\n<meta property=\"og:title\" content=\"Paint the park avec Tomalater - Les Saisons Culturelles de Chaumont\" \/>\n<meta property=\"og:description\" content=\"D\u00e9couvrez la programmation culturelle de la saison culturelle de la ville de Chaumont. Expositions, visites, rencontres, ateliers, concerts, spectacles, animations et plus encore.\" \/>\n<meta property=\"og:url\" content=\"https:\/\/saisonsculturelleschaumont.fr\/mdxpuixt\/evenement\/__trashed-13\/\" \/>\n<meta property=\"og:site_name\" content=\"Les Saisons Culturelles de Chaumont\" \/>\n<meta property=\"article:publisher\" content=\"https:\/\/www.facebook.com\/saisonsculturelleschaumont\/\" \/>\n<meta property=\"article:modified_time\" content=\"2023-09-15T13:03:21+00:00\" \/>\n<meta property=\"og:image\" content=\"https:\/\/saisonsculturelleschaumont.fr\/mdxpuixt\/wp-content\/uploads\/2022\/02\/At-the-museum-scaled-e1644942315209.jpg\" \/>\n\t<meta property=\"og:image:width\" content=\"650\" \/>\n\t<meta property=\"og:image:height\" content=\"975\" \/>\n\t<meta property=\"og:image:type\" content=\"image\/jpeg\" \/>\n<meta name=\"twitter:card\" content=\"summary_large_image\" \/>\n<meta name=\"twitter:label1\" content=\"Dur\u00e9e de lecture estim\u00e9e\" \/>\n\t<meta name=\"twitter:data1\" content=\"1 minute\" \/>\n<script type=\"application\/ld+json\" class=\"yoast-schema-graph\">{\"@context\":\"https:\/\/schema.org\",\"@graph\":[{\"@type\":\"WebPage\",\"@id\":\"https:\/\/saisonsculturelleschaumont.fr\/mdxpuixt\/evenement\/__trashed-13\/\",\"url\":\"https:\/\/saisonsculturelleschaumont.fr\/mdxpuixt\/evenement\/__trashed-13\/\",\"name\":\"Paint the park avec Tomalater - Les Saisons Culturelles de Chaumont\",\"isPartOf\":{\"@id\":\"https:\/\/saisonsculturelleschaumont.fr\/mdxpuixt\/#website\"},\"datePublished\":\"2022-06-15T13:09:35+00:00\",\"dateModified\":\"2023-09-15T13:03:21+00:00\",\"description\":\"D\u00e9couvrez la programmation culturelle de la saison culturelle de la ville de Chaumont. Expositions, visites, rencontres, ateliers, concerts, spectacles, animations et plus encore.\",\"breadcrumb\":{\"@id\":\"https:\/\/saisonsculturelleschaumont.fr\/mdxpuixt\/evenement\/__trashed-13\/#breadcrumb\"},\"inLanguage\":\"fr-FR\",\"potentialAction\":[{\"@type\":\"ReadAction\",\"target\":[\"https:\/\/saisonsculturelleschaumont.fr\/mdxpuixt\/evenement\/__trashed-13\/\"]}]},{\"@type\":\"BreadcrumbList\",\"@id\":\"https:\/\/saisonsculturelleschaumont.fr\/mdxpuixt\/evenement\/__trashed-13\/#breadcrumb\",\"itemListElement\":[{\"@type\":\"ListItem\",\"position\":1,\"name\":\"Accueil\",\"item\":\"https:\/\/saisonsculturelleschaumont.fr\/mdxpuixt\/\"},{\"@type\":\"ListItem\",\"position\":2,\"name\":\"\u00c9v\u00e8nements\",\"item\":\"https:\/\/saisonsculturelleschaumont.fr\/mdxpuixt\/agenda\/\"},{\"@type\":\"ListItem\",\"position\":3,\"name\":\"Paint the park avec Tomalater\"}]},{\"@type\":\"WebSite\",\"@id\":\"https:\/\/saisonsculturelleschaumont.fr\/mdxpuixt\/#website\",\"url\":\"https:\/\/saisonsculturelleschaumont.fr\/mdxpuixt\/\",\"name\":\"Les Saisons Culturelles de Chaumont\",\"description\":\"\",\"potentialAction\":[{\"@type\":\"SearchAction\",\"target\":{\"@type\":\"EntryPoint\",\"urlTemplate\":\"https:\/\/saisonsculturelleschaumont.fr\/mdxpuixt\/?s={search_term_string}\"},\"query-input\":\"required name=search_term_string\"}],\"inLanguage\":\"fr-FR\"}]}<\/script>\n<!-- \/ Yoast SEO plugin. -->","yoast_head_json":{"title":"Paint the park avec Tomalater - Les Saisons Culturelles de Chaumont","description":"D\u00e9couvrez la programmation culturelle de la saison culturelle de la ville de Chaumont. Expositions, visites, rencontres, ateliers, concerts, spectacles, animations et plus encore.","robots":{"index":"noindex","follow":"follow","max-snippet":"max-snippet:-1","max-image-preview":"max-image-preview:large","max-video-preview":"max-video-preview:-1"},"og_locale":"fr_FR","og_type":"article","og_title":"Paint the park avec Tomalater - Les Saisons Culturelles de Chaumont","og_description":"D\u00e9couvrez la programmation culturelle de la saison culturelle de la ville de Chaumont. Expositions, visites, rencontres, ateliers, concerts, spectacles, animations et plus encore.","og_url":"https:\/\/saisonsculturelleschaumont.fr\/mdxpuixt\/evenement\/__trashed-13\/","og_site_name":"Les Saisons Culturelles de Chaumont","article_publisher":"https:\/\/www.facebook.com\/saisonsculturelleschaumont\/","article_modified_time":"2023-09-15T13:03:21+00:00","og_image":[{"width":650,"height":975,"url":"https:\/\/saisonsculturelleschaumont.fr\/mdxpuixt\/wp-content\/uploads\/2022\/02\/At-the-museum-scaled-e1644942315209.jpg","type":"image\/jpeg"}],"twitter_card":"summary_large_image","twitter_misc":{"Dur\u00e9e de lecture estim\u00e9e":"1 minute"},"schema":{"@context":"https:\/\/schema.org","@graph":[{"@type":"WebPage","@id":"https:\/\/saisonsculturelleschaumont.fr\/mdxpuixt\/evenement\/__trashed-13\/","url":"https:\/\/saisonsculturelleschaumont.fr\/mdxpuixt\/evenement\/__trashed-13\/","name":"Paint the park avec Tomalater - Les Saisons Culturelles de Chaumont","isPartOf":{"@id":"https:\/\/saisonsculturelleschaumont.fr\/mdxpuixt\/#website"},"datePublished":"2022-06-15T13:09:35+00:00","dateModified":"2023-09-15T13:03:21+00:00","description":"D\u00e9couvrez la programmation culturelle de la saison culturelle de la ville de Chaumont. Expositions, visites, rencontres, ateliers, concerts, spectacles, animations et plus encore.","breadcrumb":{"@id":"https:\/\/saisonsculturelleschaumont.fr\/mdxpuixt\/evenement\/__trashed-13\/#breadcrumb"},"inLanguage":"fr-FR","potentialAction":[{"@type":"ReadAction","target":["https:\/\/saisonsculturelleschaumont.fr\/mdxpuixt\/evenement\/__trashed-13\/"]}]},{"@type":"BreadcrumbList","@id":"https:\/\/saisonsculturelleschaumont.fr\/mdxpuixt\/evenement\/__trashed-13\/#breadcrumb","itemListElement":[{"@type":"ListItem","position":1,"name":"Accueil","item":"https:\/\/saisonsculturelleschaumont.fr\/mdxpuixt\/"},{"@type":"ListItem","position":2,"name":"\u00c9v\u00e8nements","item":"https:\/\/saisonsculturelleschaumont.fr\/mdxpuixt\/agenda\/"},{"@type":"ListItem","position":3,"name":"Paint the park avec Tomalater"}]},{"@type":"WebSite","@id":"https:\/\/saisonsculturelleschaumont.fr\/mdxpuixt\/#website","url":"https:\/\/saisonsculturelleschaumont.fr\/mdxpuixt\/","name":"Les Saisons Culturelles de Chaumont","description":"","potentialAction":[{"@type":"SearchAction","target":{"@type":"EntryPoint","urlTemplate":"https:\/\/saisonsculturelleschaumont.fr\/mdxpuixt\/?s={search_term_string}"},"query-input":"required name=search_term_string"}],"inLanguage":"fr-FR"}]}},"uagb_featured_image_src":{"full":["https:\/\/saisonsculturelleschaumont.fr\/mdxpuixt\/wp-content\/uploads\/2022\/02\/At-the-museum-scaled-e1644942315209.jpg",650,975,false],"thumbnail":["https:\/\/saisonsculturelleschaumont.fr\/mdxpuixt\/wp-content\/uploads\/2022\/02\/At-the-museum-80x80.jpg",80,80,true],"medium":["https:\/\/saisonsculturelleschaumont.fr\/mdxpuixt\/wp-content\/uploads\/2022\/02\/At-the-museum-300x300.jpg",300,300,true],"medium_large":["https:\/\/saisonsculturelleschaumont.fr\/mdxpuixt\/wp-content\/uploads\/2022\/02\/At-the-museum-768x768.jpg",768,768,true],"large":["https:\/\/saisonsculturelleschaumont.fr\/mdxpuixt\/wp-content\/uploads\/2022\/02\/At-the-museum-1030x1030.jpg",1030,1030,true],"1536x1536":["https:\/\/saisonsculturelleschaumont.fr\/mdxpuixt\/wp-content\/uploads\/2022\/02\/At-the-museum-1024x1536.jpg",1024,1536,true],"2048x2048":["https:\/\/saisonsculturelleschaumont.fr\/mdxpuixt\/wp-content\/uploads\/2022\/02\/At-the-museum-1365x2048.jpg",1365,2048,true],"widget":["https:\/\/saisonsculturelleschaumont.fr\/mdxpuixt\/wp-content\/uploads\/2022\/02\/At-the-museum-36x36.jpg",36,36,true],"square":["https:\/\/saisonsculturelleschaumont.fr\/mdxpuixt\/wp-content\/uploads\/2022\/02\/At-the-museum-180x180.jpg",180,180,true],"featured":["https:\/\/saisonsculturelleschaumont.fr\/mdxpuixt\/wp-content\/uploads\/2022\/02\/At-the-museum-1500x430.jpg",1500,430,true],"featured_large":["https:\/\/saisonsculturelleschaumont.fr\/mdxpuixt\/wp-content\/uploads\/2022\/02\/At-the-museum-1500x630.jpg",1500,630,true],"extra_large":["https:\/\/saisonsculturelleschaumont.fr\/mdxpuixt\/wp-content\/uploads\/2022\/02\/At-the-museum-1000x1500.jpg",1000,1500,true],"portfolio":["https:\/\/saisonsculturelleschaumont.fr\/mdxpuixt\/wp-content\/uploads\/2022\/02\/At-the-museum-495x400.jpg",495,400,true],"portfolio_small":["https:\/\/saisonsculturelleschaumont.fr\/mdxpuixt\/wp-content\/uploads\/2022\/02\/At-the-museum-260x185.jpg",260,185,true],"gallery":["https:\/\/saisonsculturelleschaumont.fr\/mdxpuixt\/wp-content\/uploads\/2022\/02\/At-the-museum-845x684.jpg",845,684,true],"magazine":["https:\/\/saisonsculturelleschaumont.fr\/mdxpuixt\/wp-content\/uploads\/2022\/02\/At-the-museum-710x375.jpg",710,375,true],"masonry":["https:\/\/saisonsculturelleschaumont.fr\/mdxpuixt\/wp-content\/uploads\/2022\/02\/At-the-museum-470x705.jpg",470,705,true],"entry_with_sidebar":["https:\/\/saisonsculturelleschaumont.fr\/mdxpuixt\/wp-content\/uploads\/2022\/02\/At-the-museum-845x321.jpg",845,321,true],"entry_without_sidebar":["https:\/\/saisonsculturelleschaumont.fr\/mdxpuixt\/wp-content\/uploads\/2022\/02\/At-the-museum-1210x423.jpg",1210,423,true]},"uagb_author_info":{"display_name":"Justine Ansel","author_link":"https:\/\/saisonsculturelleschaumont.fr\/mdxpuixt\/author\/justine-ansel\/"},"uagb_comment_info":0,"uagb_excerpt":"Tomalater, artiste et surtout amoureux de la planche, propose aux habitants du Cavalier de participer \u00e0 la r\u00e9alisation d&rsquo;une fresque qui habillera le tout nouveau skate park du quartier. L&rsquo;artiste [&hellip;]","_links":{"self":[{"href":"https:\/\/saisonsculturelleschaumont.fr\/mdxpuixt\/wp-json\/wp\/v2\/tribe_events\/8654"}],"collection":[{"href":"https:\/\/saisonsculturelleschaumont.fr\/mdxpuixt\/wp-json\/wp\/v2\/tribe_events"}],"about":[{"href":"https:\/\/saisonsculturelleschaumont.fr\/mdxpuixt\/wp-json\/wp\/v2\/types\/tribe_events"}],"author":[{"embeddable":true,"href":"https:\/\/saisonsculturelleschaumont.fr\/mdxpuixt\/wp-json\/wp\/v2\/users\/3"}],"replies":[{"embeddable":true,"href":"https:\/\/saisonsculturelleschaumont.fr\/mdxpuixt\/wp-json\/wp\/v2\/comments?post=8654"}],"version-history":[{"count":0,"href":"https:\/\/saisonsculturelleschaumont.fr\/mdxpuixt\/wp-json\/wp\/v2\/tribe_events\/8654\/revisions"}],"wp:featuredmedia":[{"embeddable":true,"href":"https:\/\/saisonsculturelleschaumont.fr\/mdxpuixt\/wp-json\/wp\/v2\/media\/7855"}],"wp:attachment":[{"href":"https:\/\/saisonsculturelleschaumont.fr\/mdxpuixt\/wp-json\/wp\/v2\/media?parent=8654"}],"wp:term":[{"taxonomy":"post_tag","embeddable":true,"href":"https:\/\/saisonsculturelleschaumont.fr\/mdxpuixt\/wp-json\/wp\/v2\/tags?post=8654"},{"taxonomy":"tribe_events_cat","embeddable":true,"href":"https:\/\/saisonsculturelleschaumont.fr\/mdxpuixt\/wp-json\/wp\/v2\/tribe_events_cat?post=8654"}],"curies":[{"name":"wp","href":"https:\/\/api.w.org\/{rel}","templated":true}]}}

<p>Tomalater, artiste et surtout amoureux de la planche, propose aux habitants du Cavalier de participer à la réalisation d&rsquo;une fresque qui habillera le tout nouveau skate park du quartier.</p>
<p>L&rsquo;artiste sera présent sur site de 10h à 12h et de 14h à 16h, alors si vous passez par là, n&rsquo;hésitez pas à vous arrêter et à apporter votre pierre à l&rsquo;édifice ou plutôt à la fresque !</p>
<p>Gratuit, sans réservation<br />
Tous publics</p>
<p>Inauguration du skatepark (projet lauréat du budget participatif 2021) et de la fresque<br />
→ samedi 23 juillet à 15h30</p>
<p>&nbsp;</p>
<div class="cxmmr5t8 oygrvhab hcukyx3x c1et5uql o9v6fnle">Dans le cadre du projet d&rsquo;amélioration du skate park du quartier du Cavalier (budget participatif #1) &amp; de la programmation des ESTIVALES À CHAUMONT</div>
<div></div>
<div class="cxmmr5t8 oygrvhab hcukyx3x c1et5uql o9v6fnle">En partenariat avec l&rsquo;Agglomération de Chaumont et l&rsquo;ANCT (Agence Nationale de la Cohésion des Territoires)</div>
<div></div>

<p>Tomalater, artiste et surtout amoureux de la planche, propose aux habitants du Cavalier de participer à la réalisation d&rsquo;une fresque qui habillera le tout nouveau skate park du quartier. L&rsquo;artiste [&hellip;]</p>

<!-- This site is optimized with the Yoast SEO plugin v21.1 - https://yoast.com/wordpress/plugins/seo/ -->
<title>Paint the park avec Tomalater - Les Saisons Culturelles de Chaumont</title>
<meta name="description" content="Découvrez la programmation culturelle de la saison culturelle de la ville de Chaumont. Expositions, visites, rencontres, ateliers, concerts, spectacles, animations et plus encore." />
<meta name="robots" content="noindex, follow, max-snippet:-1, max-image-preview:large, max-video-preview:-1" />
<meta property="og:locale" content="fr_FR" />
<meta property="og:type" content="article" />
<meta property="og:title" content="Paint the park avec Tomalater - Les Saisons Culturelles de Chaumont" />
<meta property="og:description" content="Découvrez la programmation culturelle de la saison culturelle de la ville de Chaumont. Expositions, visites, rencontres, ateliers, concerts, spectacles, animations et plus encore." />
<meta property="og:url" content="https://saisonsculturelleschaumont.fr/mdxpuixt/evenement/__trashed-13/" />
<meta property="og:site_name" content="Les Saisons Culturelles de Chaumont" />
<meta property="article:publisher" content="https://www.facebook.com/saisonsculturelleschaumont/" />
<meta property="article:modified_time" content="2023-09-15T13:03:21+00:00" />
<meta property="og:image" content="https://saisonsculturelleschaumont.fr/mdxpuixt/wp-content/uploads/2022/02/At-the-museum-scaled-e1644942315209.jpg" />
	<meta property="og:image:width" content="650" />
	<meta property="og:image:height" content="975" />
	<meta property="og:image:type" content="image/jpeg" />
<meta name="twitter:card" content="summary_large_image" />
<meta name="twitter:label1" content="Durée de lecture estimée" />
	<meta name="twitter:data1" content="1 minute" />
<script type="application/ld+json" class="yoast-schema-graph">{"@context":"https://schema.org","@graph":[{"@type":"WebPage","@id":"https://saisonsculturelleschaumont.fr/mdxpuixt/evenement/__trashed-13/","url":"https://saisonsculturelleschaumont.fr/mdxpuixt/evenement/__trashed-13/","name":"Paint the park avec Tomalater - Les Saisons Culturelles de Chaumont","isPartOf":{"@id":"https://saisonsculturelleschaumont.fr/mdxpuixt/#website"},"datePublished":"2022-06-15T13:09:35+00:00","dateModified":"2023-09-15T13:03:21+00:00","description":"Découvrez la programmation culturelle de la saison culturelle de la ville de Chaumont. Expositions, visites, rencontres, ateliers, concerts, spectacles, animations et plus encore.","breadcrumb":{"@id":"https://saisonsculturelleschaumont.fr/mdxpuixt/evenement/__trashed-13/#breadcrumb"},"inLanguage":"fr-FR","potentialAction":[{"@type":"ReadAction","target":["https://saisonsculturelleschaumont.fr/mdxpuixt/evenement/__trashed-13/"]}]},{"@type":"BreadcrumbList","@id":"https://saisonsculturelleschaumont.fr/mdxpuixt/evenement/__trashed-13/#breadcrumb","itemListElement":[{"@type":"ListItem","position":1,"name":"Accueil","item":"https://saisonsculturelleschaumont.fr/mdxpuixt/"},{"@type":"ListItem","position":2,"name":"Évènements","item":"https://saisonsculturelleschaumont.fr/mdxpuixt/agenda/"},{"@type":"ListItem","position":3,"name":"Paint the park avec Tomalater"}]},{"@type":"WebSite","@id":"https://saisonsculturelleschaumont.fr/mdxpuixt/#website","url":"https://saisonsculturelleschaumont.fr/mdxpuixt/","name":"Les Saisons Culturelles de Chaumont","description":"","potentialAction":[{"@type":"SearchAction","target":{"@type":"EntryPoint","urlTemplate":"https://saisonsculturelleschaumont.fr/mdxpuixt/?s={search_term_string}"},"query-input":"required name=search_term_string"}],"inLanguage":"fr-FR"}]}</script>
<!-- / Yoast SEO plugin. -->

Découvrez la programmation culturelle de la saison culturelle de la ville de Chaumont. Expositions, visites, rencontres, ateliers, concerts, spectacles, animations et plus encore.

Évènements

Tomalater, artiste et surtout amoureux de la planche, propose aux habitants du Cavalier de participer à la réalisation d&rsquo;une fresque qui habillera le tout nouveau skate park du quartier. L&rsquo;artiste [&hellip;]
